Last updated on 2024-07-01 04:48:49 CEST.
Flavor | Version | Tinstall | Tcheck | Ttotal | Status | Flags |
---|---|---|---|---|---|---|
r-devel-linux-x86_64-debian-clang | 1.0.2 | 12.84 | 102.19 | 115.03 | NOTE | |
r-devel-linux-x86_64-debian-gcc | 1.0.2 | 8.31 | 76.37 | 84.68 | NOTE | |
r-devel-linux-x86_64-fedora-clang | 1.0.2 | 139.57 | NOTE | |||
r-devel-linux-x86_64-fedora-gcc | 1.0.2 | 132.97 | NOTE | |||
r-devel-windows-x86_64 | 1.0.2 | 11.00 | 99.00 | 110.00 | NOTE | |
r-patched-linux-x86_64 | 1.0.2 | 7.24 | 95.15 | 102.39 | NOTE | |
r-release-linux-x86_64 | 1.0.2 | 7.23 | 96.47 | 103.70 | NOTE | |
r-release-macos-arm64 | 1.0.2 | 44.00 | NOTE | |||
r-release-macos-x86_64 | 1.0.2 | 59.00 | NOTE | |||
r-release-windows-x86_64 | 1.0.2 | 10.00 | 97.00 | 107.00 | NOTE | |
r-oldrel-macos-arm64 | 1.0.2 | 43.00 | NOTE | |||
r-oldrel-macos-x86_64 | 1.0.2 | 71.00 | NOTE | |||
r-oldrel-windows-x86_64 | 1.0.2 | 13.00 | 119.00 | 132.00 | NOTE |
Version: 1.0.2
Check: LazyData
Result: NOTE
'LazyData' is specified without a 'data' directory
Flavors: r-devel-linux-x86_64-debian-clang, r-devel-linux-x86_64-debian-gcc, r-devel-linux-x86_64-fedora-clang, r-devel-linux-x86_64-fedora-gcc, r-devel-windows-x86_64, r-patched-linux-x86_64, r-release-linux-x86_64, r-release-macos-arm64, r-release-macos-x86_64, r-release-windows-x86_64, r-oldrel-macos-arm64, r-oldrel-macos-x86_64, r-oldrel-windows-x86_64