Last updated on 2024-06-30 04:55:41 CEST.
Flavor | Version | Tinstall | Tcheck | Ttotal | Status | Flags |
---|---|---|---|---|---|---|
r-devel-linux-x86_64-debian-clang | 0.5 | 7.63 | 61.29 | 68.92 | OK | |
r-devel-linux-x86_64-debian-gcc | 0.5 | 6.48 | 44.97 | 51.45 | OK | |
r-devel-linux-x86_64-fedora-clang | 0.5 | 88.23 | NOTE | |||
r-devel-linux-x86_64-fedora-gcc | 0.5 | 81.49 | NOTE | |||
r-devel-windows-x86_64 | 0.5 | 12.00 | 67.00 | 79.00 | OK | |
r-patched-linux-x86_64 | 0.5 | 8.01 | 57.28 | 65.29 | OK | |
r-release-linux-x86_64 | 0.5 | 7.35 | 58.84 | 66.19 | OK | |
r-release-macos-arm64 | 0.5 | 31.00 | OK | |||
r-release-macos-x86_64 | 0.5 | 47.00 | OK | |||
r-release-windows-x86_64 | 0.5 | 12.00 | 66.00 | 78.00 | OK | |
r-oldrel-macos-arm64 | 0.5 | 32.00 | OK | |||
r-oldrel-macos-x86_64 | 0.5 | 42.00 | OK | |||
r-oldrel-windows-x86_64 | 0.5 | 14.00 | 75.00 | 89.00 | OK |
Version: 0.5
Check: compiled code
Result: NOTE
File ‘weightedCL/libs/weightedCL.so’:
Found no calls to: ‘R_registerRoutines’, ‘R_useDynamicSymbols’
It is good practice to register native routines and to disable symbol
search.
See ‘Writing portable packages’ in the ‘Writing R Extensions’ manual.
Flavors: r-devel-linux-x86_64-fedora-clang, r-devel-linux-x86_64-fedora-gcc