Last updated on 2024-07-01 04:48:49 CEST.
Flavor | Version | Tinstall | Tcheck | Ttotal | Status | Flags |
---|---|---|---|---|---|---|
r-devel-linux-x86_64-debian-clang | 1.0.0 | 19.49 | 205.90 | 225.39 | NOTE | |
r-devel-linux-x86_64-debian-gcc | 1.0.0 | 17.79 | 153.81 | 171.60 | NOTE | |
r-devel-linux-x86_64-fedora-clang | 1.0.0 | 285.77 | NOTE | |||
r-devel-linux-x86_64-fedora-gcc | 1.0.0 | 265.65 | NOTE | |||
r-devel-windows-x86_64 | 1.0.0 | 18.00 | 146.00 | 164.00 | NOTE | |
r-patched-linux-x86_64 | 1.0.0 | 18.37 | 196.53 | 214.90 | NOTE | |
r-release-linux-x86_64 | 1.0.0 | 12.62 | 199.67 | 212.29 | NOTE | |
r-release-macos-arm64 | 1.0.0 | 74.00 | NOTE | |||
r-release-macos-x86_64 | 1.0.0 | 132.00 | NOTE | |||
r-release-windows-x86_64 | 1.0.0 | 19.00 | 147.00 | 166.00 | NOTE | |
r-oldrel-macos-arm64 | 1.0.0 | 82.00 | NOTE | |||
r-oldrel-macos-x86_64 | 1.0.0 | 165.00 | NOTE | |||
r-oldrel-windows-x86_64 | 1.0.0 | 23.00 | 196.00 | 219.00 | NOTE |
Version: 1.0.0
Check: LazyData
Result: NOTE
'LazyData' is specified without a 'data' directory
Flavors: r-devel-linux-x86_64-debian-clang, r-devel-linux-x86_64-debian-gcc, r-devel-linux-x86_64-fedora-clang, r-devel-linux-x86_64-fedora-gcc, r-devel-windows-x86_64, r-patched-linux-x86_64, r-release-linux-x86_64, r-release-macos-arm64, r-release-macos-x86_64, r-release-windows-x86_64, r-oldrel-macos-arm64, r-oldrel-macos-x86_64, r-oldrel-windows-x86_64