Last updated on 2025-02-04 02:50:24 CET.
Flavor | Version | Tinstall | Tcheck | Ttotal | Status | Flags |
---|---|---|---|---|---|---|
r-devel-linux-x86_64-debian-clang | 0.1.1 | 8.83 | 66.39 | 75.22 | OK | |
r-devel-linux-x86_64-debian-gcc | 0.1.1 | 6.37 | 47.23 | 53.60 | OK | |
r-devel-linux-x86_64-fedora-clang | 0.1.1 | 123.23 | OK | |||
r-devel-linux-x86_64-fedora-gcc | 0.1.1 | 114.00 | OK | |||
r-devel-windows-x86_64 | 0.1.1 | 10.00 | 80.00 | 90.00 | OK | |
r-patched-linux-x86_64 | 0.1.1 | 8.92 | 61.92 | 70.84 | NOTE | |
r-release-linux-x86_64 | 0.1.1 | 8.11 | 62.88 | 70.99 | NOTE | |
r-release-macos-arm64 | 0.1.1 | 33.00 | NOTE | |||
r-release-macos-x86_64 | 0.1.1 | 53.00 | NOTE | |||
r-release-windows-x86_64 | 0.1.1 | 9.00 | 76.00 | 85.00 | NOTE | |
r-oldrel-macos-arm64 | 0.1.1 | 37.00 | NOTE | |||
r-oldrel-macos-x86_64 | 0.1.1 | 60.00 | NOTE | |||
r-oldrel-windows-x86_64 | 0.1.1 | 12.00 | 96.00 | 108.00 | NOTE |
Version: 0.1.1
Check: LazyData
Result: NOTE
'LazyData' is specified without a 'data' directory
Flavors: r-patched-linux-x86_64, r-release-linux-x86_64, r-release-macos-arm64, r-release-macos-x86_64, r-release-windows-x86_64, r-oldrel-macos-arm64, r-oldrel-macos-x86_64, r-oldrel-windows-x86_64