Last updated on 2025-02-04 02:50:24 CET.
Flavor | Version | Tinstall | Tcheck | Ttotal | Status | Flags |
---|---|---|---|---|---|---|
r-devel-linux-x86_64-debian-clang | 1.0.1 | 12.78 | 137.57 | 150.35 | NOTE | |
r-devel-linux-x86_64-debian-gcc | 1.0.1 | 8.59 | 97.37 | 105.96 | NOTE | |
r-devel-linux-x86_64-fedora-clang | 1.0.1 | 236.20 | NOTE | |||
r-devel-linux-x86_64-fedora-gcc | 1.0.1 | 244.97 | NOTE | |||
r-devel-windows-x86_64 | 1.0.1 | 16.00 | 161.00 | 177.00 | NOTE | |
r-patched-linux-x86_64 | 1.0.1 | 13.50 | 126.92 | 140.42 | OK | |
r-release-linux-x86_64 | 1.0.1 | 12.80 | 126.24 | 139.04 | OK | |
r-release-macos-arm64 | 1.0.1 | 65.00 | OK | |||
r-release-macos-x86_64 | 1.0.1 | 91.00 | OK | |||
r-release-windows-x86_64 | 1.0.1 | 15.00 | 147.00 | 162.00 | OK | |
r-oldrel-macos-arm64 | 1.0.1 | 90.00 | OK | |||
r-oldrel-macos-x86_64 | 1.0.1 | 107.00 | OK | |||
r-oldrel-windows-x86_64 | 1.0.1 | 18.00 | 183.00 | 201.00 | OK |
Version: 1.0.1
Check: DESCRIPTION meta-information
Result: NOTE
Missing dependency on R >= 4.1.0 because package code uses the pipe
|> or function shorthand \(...) syntax added in R 4.1.0.
File(s) using such syntax:
‘berkowitz.R’ ‘dac.R’ ‘gmm.R’ ‘hongli.R’ ‘minzar.R’ ‘nyblom.R’
‘shortfall_de.R’ ‘signbias.R’ ‘var.R’ ‘var_cp.R’
Flavors: r-devel-linux-x86_64-debian-clang, r-devel-linux-x86_64-debian-gcc, r-devel-linux-x86_64-fedora-clang, r-devel-linux-x86_64-fedora-gcc, r-devel-windows-x86_64