Last updated on 2025-02-04 02:50:23 CET.
Flavor | Version | Tinstall | Tcheck | Ttotal | Status | Flags |
---|---|---|---|---|---|---|
r-devel-linux-x86_64-debian-clang | 0.2.0 | 1.73 | 23.90 | 25.63 | NOTE | |
r-devel-linux-x86_64-debian-gcc | 0.2.0 | 1.43 | 19.10 | 20.53 | NOTE | |
r-devel-linux-x86_64-fedora-clang | 0.2.0 | 42.46 | NOTE | |||
r-devel-linux-x86_64-fedora-gcc | 0.2.0 | 38.95 | NOTE | |||
r-devel-windows-x86_64 | 0.2.0 | 3.00 | 57.00 | 60.00 | NOTE | |
r-patched-linux-x86_64 | 0.2.0 | 2.23 | 22.79 | 25.02 | OK | |
r-release-linux-x86_64 | 0.2.0 | 1.88 | 22.83 | 24.71 | OK | |
r-release-macos-arm64 | 0.2.0 | 19.00 | OK | |||
r-release-macos-x86_64 | 0.2.0 | 28.00 | OK | |||
r-release-windows-x86_64 | 0.2.0 | 4.00 | 55.00 | 59.00 | OK | |
r-oldrel-macos-arm64 | 0.2.0 | 23.00 | OK | |||
r-oldrel-macos-x86_64 | 0.2.0 | 32.00 | OK | |||
r-oldrel-windows-x86_64 | 0.2.0 | 5.00 | 56.00 | 61.00 | OK |
Version: 0.2.0
Check: DESCRIPTION meta-information
Result: NOTE
Missing dependency on R >= 4.1.0 because package code uses the pipe
|> or function shorthand \(...) syntax added in R 4.1.0.
File(s) using such syntax:
‘response_builder.R’
Flavors: r-devel-linux-x86_64-debian-clang, r-devel-linux-x86_64-debian-gcc, r-devel-linux-x86_64-fedora-clang, r-devel-linux-x86_64-fedora-gcc, r-devel-windows-x86_64