Last updated on 2025-02-10 02:50:07 CET.
Flavor | Version | Tinstall | Tcheck | Ttotal | Status | Flags |
---|---|---|---|---|---|---|
r-devel-linux-x86_64-debian-clang | 1.1.0 | 9.14 | 121.08 | 130.22 | NOTE | |
r-devel-linux-x86_64-debian-gcc | 1.1.0 | 6.12 | 82.18 | 88.30 | NOTE | |
r-devel-linux-x86_64-fedora-clang | 1.1.0 | 211.44 | NOTE | |||
r-devel-linux-x86_64-fedora-gcc | 1.1.0 | 201.91 | NOTE | |||
r-devel-windows-x86_64 | 1.1.0 | 12.00 | 140.00 | 152.00 | NOTE | |
r-patched-linux-x86_64 | 1.1.0 | 8.49 | 106.06 | 114.55 | NOTE | |
r-release-linux-x86_64 | 1.1.0 | 7.98 | 106.20 | 114.18 | NOTE | |
r-release-macos-arm64 | 1.1.0 | 64.00 | NOTE | |||
r-release-macos-x86_64 | 1.1.0 | 96.00 | NOTE | |||
r-release-windows-x86_64 | 1.1.0 | 14.00 | 140.00 | 154.00 | NOTE | |
r-oldrel-macos-arm64 | 1.1.0 | 67.00 | NOTE | |||
r-oldrel-macos-x86_64 | 1.1.0 | 106.00 | NOTE | |||
r-oldrel-windows-x86_64 | 1.1.0 | 14.00 | 173.00 | 187.00 | NOTE |
Version: 1.1.0
Check: package subdirectories
Result: NOTE
Problems with news in ‘NEWS.md’:
Cannot extract version info from the following section titles:
Minor changes:
Flavors: r-devel-linux-x86_64-debian-clang, r-devel-linux-x86_64-debian-gcc, r-devel-linux-x86_64-fedora-clang, r-devel-linux-x86_64-fedora-gcc, r-devel-windows-x86_64, r-patched-linux-x86_64, r-release-linux-x86_64, r-release-macos-arm64, r-release-macos-x86_64, r-release-windows-x86_64, r-oldrel-macos-arm64, r-oldrel-macos-x86_64, r-oldrel-windows-x86_64
Version: 1.1.0
Check: Rd files
Result: NOTE
checkRd: (-1) single_imputation.Rd:21-22: Lost braces in \itemize; meant \describe ?
checkRd: (-1) single_imputation.Rd:23-27: Lost braces in \itemize; meant \describe ?
Flavors: r-devel-linux-x86_64-debian-clang, r-devel-linux-x86_64-debian-gcc, r-devel-linux-x86_64-fedora-clang, r-devel-linux-x86_64-fedora-gcc, r-devel-windows-x86_64, r-patched-linux-x86_64, r-release-linux-x86_64, r-release-macos-arm64, r-release-macos-x86_64, r-release-windows-x86_64
Version: 1.1.0
Check: dependencies in R code
Result: NOTE
Namespace in Imports field not imported from: ‘mix’
All declared Imports should be used.
Flavors: r-devel-linux-x86_64-fedora-clang, r-devel-linux-x86_64-fedora-gcc
Version: 1.1.0
Check: package dependencies
Result: NOTE
Package suggested but not available for checking: ‘lme4’
Flavor: r-oldrel-macos-x86_64