Last updated on 2024-07-01 04:48:48 CEST.
Flavor | Version | Tinstall | Tcheck | Ttotal | Status | Flags |
---|---|---|---|---|---|---|
r-devel-linux-x86_64-debian-clang | 1.0-8 | 2.69 | 25.87 | 28.56 | OK | |
r-devel-linux-x86_64-debian-gcc | 1.0-8 | 2.33 | 19.95 | 22.28 | OK | |
r-devel-linux-x86_64-fedora-clang | 1.0-8 | 37.74 | NOTE | |||
r-devel-linux-x86_64-fedora-gcc | 1.0-8 | 34.80 | NOTE | |||
r-devel-windows-x86_64 | 1.0-8 | 3.00 | 45.00 | 48.00 | OK | |
r-patched-linux-x86_64 | 1.0-8 | 2.93 | 25.07 | 28.00 | OK | |
r-release-linux-x86_64 | 1.0-8 | 2.60 | 25.35 | 27.95 | OK | |
r-release-macos-arm64 | 1.0-8 | 17.00 | OK | |||
r-release-macos-x86_64 | 1.0-8 | 23.00 | OK | |||
r-release-windows-x86_64 | 1.0-8 | 5.00 | 43.00 | 48.00 | OK | |
r-oldrel-macos-arm64 | 1.0-8 | 16.00 | OK | |||
r-oldrel-macos-x86_64 | 1.0-8 | 22.00 | OK | |||
r-oldrel-windows-x86_64 | 1.0-8 | 4.00 | 44.00 | 48.00 | OK |
Version: 1.0-8
Check: Rd cross-references
Result: NOTE
Undeclared package ‘NLP’ in Rd xrefs
Flavor: r-devel-linux-x86_64-fedora-clang
Version: 1.0-8
Check: data for non-ASCII characters
Result: NOTE
Note: found 10051 marked UTF-8 strings
Note: found 10523 strings marked as "bytes"
Flavors: r-devel-linux-x86_64-fedora-clang, r-devel-linux-x86_64-fedora-gcc