Last updated on 2025-02-04 02:50:23 CET.
Flavor | Version | Tinstall | Tcheck | Ttotal | Status | Flags |
---|---|---|---|---|---|---|
r-devel-linux-x86_64-debian-clang | 0.1.0 | 15.46 | 22.10 | 37.56 | NOTE | |
r-devel-linux-x86_64-debian-gcc | 0.1.0 | 10.79 | 17.60 | 28.39 | NOTE | |
r-devel-linux-x86_64-fedora-clang | 0.1.0 | 73.47 | NOTE | |||
r-devel-linux-x86_64-fedora-gcc | 0.1.0 | 67.41 | NOTE | |||
r-devel-windows-x86_64 | 0.1.0 | 19.00 | 60.00 | 79.00 | NOTE | |
r-patched-linux-x86_64 | 0.1.0 | 14.39 | 21.97 | 36.36 | NOTE | |
r-release-linux-x86_64 | 0.1.0 | 15.46 | 20.88 | 36.34 | NOTE | |
r-release-macos-arm64 | 0.1.0 | 23.00 | NOTE | |||
r-release-macos-x86_64 | 0.1.0 | 31.00 | NOTE | |||
r-release-windows-x86_64 | 0.1.0 | 19.00 | 60.00 | 79.00 | NOTE | |
r-oldrel-macos-arm64 | 0.1.0 | 24.00 | NOTE | |||
r-oldrel-macos-x86_64 | 0.1.0 | 41.00 | NOTE | |||
r-oldrel-windows-x86_64 | 0.1.0 | 19.00 | 67.00 | 86.00 | NOTE |
Version: 0.1.0
Check: C++ specification
Result: NOTE
Specified C++11: please drop specification unless essential
Flavors: r-devel-linux-x86_64-debian-clang, r-devel-linux-x86_64-debian-gcc, r-devel-linux-x86_64-fedora-clang, r-devel-linux-x86_64-fedora-gcc, r-devel-windows-x86_64, r-patched-linux-x86_64, r-release-linux-x86_64, r-release-macos-arm64, r-release-macos-x86_64, r-release-windows-x86_64, r-oldrel-macos-arm64, r-oldrel-macos-x86_64, r-oldrel-windows-x86_64
Version: 0.1.0
Check: LazyData
Result: NOTE
'LazyData' is specified without a 'data' directory
Flavors: r-patched-linux-x86_64, r-release-linux-x86_64, r-release-macos-arm64, r-release-macos-x86_64, r-release-windows-x86_64, r-oldrel-macos-arm64, r-oldrel-macos-x86_64, r-oldrel-windows-x86_64