Last updated on 2025-02-04 02:50:23 CET.
Flavor | Version | Tinstall | Tcheck | Ttotal | Status | Flags |
---|---|---|---|---|---|---|
r-devel-linux-x86_64-debian-clang | 0.0.1 | 12.37 | 40.81 | 53.18 | NOTE | |
r-devel-linux-x86_64-debian-gcc | 0.0.1 | 9.22 | 29.47 | 38.69 | NOTE | |
r-devel-linux-x86_64-fedora-clang | 0.0.1 | 91.62 | OK | |||
r-devel-linux-x86_64-fedora-gcc | 0.0.1 | 87.61 | OK | |||
r-devel-windows-x86_64 | 0.0.1 | 18.00 | 79.00 | 97.00 | NOTE | |
r-patched-linux-x86_64 | 0.0.1 | 21.00 | 38.12 | 59.12 | OK | |
r-release-linux-x86_64 | 0.0.1 | 13.28 | 38.19 | 51.47 | OK | |
r-release-macos-arm64 | 0.0.1 | 29.00 | OK | |||
r-release-macos-x86_64 | 0.0.1 | 41.00 | OK | |||
r-release-windows-x86_64 | 0.0.1 | 19.00 | 75.00 | 94.00 | OK | |
r-oldrel-macos-arm64 | 0.0.1 | 31.00 | OK | |||
r-oldrel-macos-x86_64 | 0.0.1 | 48.00 | OK | |||
r-oldrel-windows-x86_64 | 0.0.1 | 20.00 | 93.00 | 113.00 | OK |
Version: 0.0.1
Check: Rd cross-references
Result: NOTE
Found the following Rd file(s) with Rd \link{} targets missing package
anchors:
medic.Rd: bind
Please provide package anchors for all Rd \link{} targets not in the
package itself and the base packages.
Flavors: r-devel-linux-x86_64-debian-clang, r-devel-linux-x86_64-debian-gcc, r-devel-windows-x86_64