Last updated on 2025-02-04 02:50:22 CET.
Flavor | Version | Tinstall | Tcheck | Ttotal | Status | Flags |
---|---|---|---|---|---|---|
r-devel-linux-x86_64-debian-clang | 1.0.0 | 3.32 | 36.91 | 40.23 | NOTE | |
r-devel-linux-x86_64-debian-gcc | 1.0.0 | 3.10 | 27.67 | 30.77 | NOTE | |
r-devel-linux-x86_64-fedora-clang | 1.0.0 | 65.51 | NOTE | |||
r-devel-linux-x86_64-fedora-gcc | 1.0.0 | 61.62 | NOTE | |||
r-devel-windows-x86_64 | 1.0.0 | 5.00 | 59.00 | 64.00 | NOTE | |
r-patched-linux-x86_64 | 1.0.0 | 4.04 | 35.13 | 39.17 | NOTE | |
r-release-linux-x86_64 | 1.0.0 | 3.34 | 34.81 | 38.15 | NOTE | |
r-release-macos-arm64 | 1.0.0 | 23.00 | NOTE | |||
r-release-macos-x86_64 | 1.0.0 | 34.00 | NOTE | |||
r-release-windows-x86_64 | 1.0.0 | 4.00 | 59.00 | 63.00 | NOTE | |
r-oldrel-macos-arm64 | 1.0.0 | 25.00 | NOTE | |||
r-oldrel-macos-x86_64 | 1.0.0 | 35.00 | NOTE | |||
r-oldrel-windows-x86_64 | 1.0.0 | 6.00 | 71.00 | 77.00 | NOTE |
Version: 1.0.0
Check: DESCRIPTION meta-information
Result: NOTE
Malformed Title field: should not end in a period.
Flavors: r-devel-linux-x86_64-debian-clang, r-devel-linux-x86_64-debian-gcc, r-devel-linux-x86_64-fedora-clang, r-devel-linux-x86_64-fedora-gcc, r-devel-windows-x86_64, r-patched-linux-x86_64, r-release-linux-x86_64, r-release-macos-arm64, r-release-macos-x86_64, r-release-windows-x86_64, r-oldrel-macos-arm64, r-oldrel-macos-x86_64, r-oldrel-windows-x86_64