Last updated on 2025-02-04 02:50:22 CET.
Flavor | Version | Tinstall | Tcheck | Ttotal | Status | Flags |
---|---|---|---|---|---|---|
r-devel-linux-x86_64-debian-clang | 1.0.1 | 3.40 | 42.81 | 46.21 | NOTE | |
r-devel-linux-x86_64-debian-gcc | 1.0.1 | 1.86 | 33.69 | 35.55 | NOTE | |
r-devel-linux-x86_64-fedora-clang | 1.4.0 | 59.99 | OK | |||
r-devel-linux-x86_64-fedora-gcc | 1.4.0 | 90.75 | OK | |||
r-devel-windows-x86_64 | 1.0.1 | 5.00 | 69.00 | 74.00 | NOTE | |
r-patched-linux-x86_64 | 1.0.1 | 2.97 | 40.39 | 43.36 | OK | |
r-release-linux-x86_64 | 1.0.1 | 3.20 | 41.03 | 44.23 | OK | |
r-release-macos-arm64 | 1.0.1 | 30.00 | OK | |||
r-release-macos-x86_64 | 1.4.0 | 72.00 | OK | |||
r-release-windows-x86_64 | 1.0.1 | 6.00 | 73.00 | 79.00 | OK | |
r-oldrel-macos-arm64 | 1.0.1 | 30.00 | OK | |||
r-oldrel-macos-x86_64 | 1.0.1 | 44.00 | OK | |||
r-oldrel-windows-x86_64 | 1.0.1 | 6.00 | 73.00 | 79.00 | OK |
Version: 1.0.1
Check: DESCRIPTION meta-information
Result: NOTE
Missing dependency on R >= 4.1.0 because package code uses the pipe
|> or function shorthand \(...) syntax added in R 4.1.0.
File(s) using such syntax:
‘adhoc.R’ ‘builders.R’ ‘execution_plan.R’ ‘logging.R’
‘manage_tomls.R’ ‘quick_build.R’ ‘read_write_toml.R’
‘survey_strata.R’ ‘user_toml_interaction.R’
Flavors: r-devel-linux-x86_64-debian-clang, r-devel-linux-x86_64-debian-gcc, r-devel-windows-x86_64