Last updated on 2024-07-01 04:48:47 CEST.
Flavor | Version | Tinstall | Tcheck | Ttotal | Status | Flags |
---|---|---|---|---|---|---|
r-devel-linux-x86_64-debian-clang | 0.2.1 | 162.98 | 82.62 | 245.60 | OK | |
r-devel-linux-x86_64-debian-gcc | 0.2.1 | 106.58 | 55.06 | 161.64 | OK | |
r-devel-linux-x86_64-fedora-clang | 0.2.1 | 338.21 | OK | |||
r-devel-linux-x86_64-fedora-gcc | 0.2.1 | 338.41 | OK | |||
r-devel-windows-x86_64 | 0.2.1 | 113.00 | 92.00 | 205.00 | OK | |
r-patched-linux-x86_64 | 0.2.1 | 125.07 | 73.18 | 198.25 | OK | |
r-release-linux-x86_64 | 0.2.1 | 92.68 | 71.98 | 164.66 | OK | |
r-release-macos-arm64 | 0.2.1 | 66.00 | NOTE | |||
r-release-macos-x86_64 | 0.2.1 | 72.00 | NOTE | |||
r-release-windows-x86_64 | 0.2.1 | 120.00 | 93.00 | 213.00 | OK | |
r-oldrel-macos-arm64 | 0.2.1 | 78.00 | NOTE | |||
r-oldrel-macos-x86_64 | 0.2.1 | 102.00 | NOTE | |||
r-oldrel-windows-x86_64 | 0.2.1 | 147.00 | 109.00 | 256.00 | OK |
Version: 0.2.1
Check: installed package size
Result: NOTE
installed size is 6.6Mb
sub-directories of 1Mb or more:
libs 6.0Mb
Flavors: r-release-macos-arm64, r-release-macos-x86_64, r-oldrel-macos-arm64, r-oldrel-macos-x86_64