Last updated on 2024-07-01 04:48:47 CEST.
Flavor | Version | Tinstall | Tcheck | Ttotal | Status | Flags |
---|---|---|---|---|---|---|
r-devel-linux-x86_64-debian-clang | 1.0 | 155.73 | 33.08 | 188.81 | OK | |
r-devel-linux-x86_64-debian-gcc | 1.0 | 108.53 | 25.17 | 133.70 | OK | |
r-devel-linux-x86_64-fedora-clang | 1.0 | 285.72 | OK | |||
r-devel-linux-x86_64-fedora-gcc | 1.0 | 299.44 | OK | |||
r-devel-windows-x86_64 | 1.0 | 122.00 | 72.00 | 194.00 | OK | |
r-patched-linux-x86_64 | 1.0 | 134.72 | 31.49 | 166.21 | OK | |
r-release-linux-x86_64 | 1.0 | 130.61 | 31.36 | 161.97 | OK | |
r-release-macos-arm64 | 1.0 | 51.00 | NOTE | |||
r-release-macos-x86_64 | 1.0 | 53.00 | NOTE | |||
r-release-windows-x86_64 | 1.0 | 120.00 | 68.00 | 188.00 | OK | |
r-oldrel-macos-arm64 | 1.0 | 63.00 | NOTE | |||
r-oldrel-macos-x86_64 | 1.0 | 71.00 | NOTE | |||
r-oldrel-windows-x86_64 | 1.0 | 146.00 | 80.00 | 226.00 | OK |
Version: 1.0
Check: installed package size
Result: NOTE
installed size is 7.0Mb
sub-directories of 1Mb or more:
libs 6.7Mb
Flavors: r-release-macos-arm64, r-release-macos-x86_64, r-oldrel-macos-arm64, r-oldrel-macos-x86_64