Last updated on 2024-06-29 04:48:52 CEST.
Flavor | Version | Tinstall | Tcheck | Ttotal | Status | Flags |
---|---|---|---|---|---|---|
r-devel-linux-x86_64-debian-clang | 3.0-1 | 9.39 | 111.62 | 121.01 | NOTE | |
r-devel-linux-x86_64-debian-gcc | 3.0-1 | 7.31 | 80.67 | 87.98 | NOTE | |
r-devel-linux-x86_64-fedora-clang | 3.0-1 | 145.49 | NOTE | |||
r-devel-linux-x86_64-fedora-gcc | 3.0-1 | 147.72 | NOTE | |||
r-devel-windows-x86_64 | 3.0-1 | 9.00 | 90.00 | 99.00 | NOTE | |
r-patched-linux-x86_64 | 3.0-1 | 6.67 | 103.77 | 110.44 | NOTE | |
r-release-linux-x86_64 | 3.0-1 | 6.53 | 103.07 | 109.60 | NOTE | |
r-release-macos-arm64 | 3.0-1 | 56.00 | NOTE | |||
r-release-macos-x86_64 | 3.0-1 | 81.00 | NOTE | |||
r-release-windows-x86_64 | 3.0-1 | 9.00 | 90.00 | 99.00 | NOTE | |
r-oldrel-macos-arm64 | 3.0-1 | 51.00 | NOTE | |||
r-oldrel-macos-x86_64 | 3.0-1 | 87.00 | NOTE | |||
r-oldrel-windows-x86_64 | 3.0-1 | 11.00 | 106.00 | 117.00 | NOTE |
Version: 3.0-1
Check: package dependencies
Result: NOTE
Depends: includes the non-default packages:
'spatstat.geom', 'spatstat.random', 'spatstat.explore',
'spatstat.model', 'spatstat.linnet', 'spatstat.data', 'spatstat',
'rpanel', 'tcltk'
Adding so many packages to the search path is excessive and importing
selectively is preferable.
Flavors: r-devel-linux-x86_64-debian-clang, r-devel-linux-x86_64-debian-gcc, r-devel-linux-x86_64-fedora-clang, r-devel-linux-x86_64-fedora-gcc, r-devel-windows-x86_64, r-patched-linux-x86_64, r-release-linux-x86_64, r-release-macos-arm64, r-release-macos-x86_64, r-release-windows-x86_64, r-oldrel-macos-arm64, r-oldrel-macos-x86_64, r-oldrel-windows-x86_64