Last updated on 2024-07-01 04:48:47 CEST.
Flavor | Version | Tinstall | Tcheck | Ttotal | Status | Flags |
---|---|---|---|---|---|---|
r-devel-linux-x86_64-debian-clang | 0.7.6 | 166.22 | 430.33 | 596.55 | OK | |
r-devel-linux-x86_64-debian-gcc | 0.7.6 | 133.75 | 294.25 | 428.00 | OK | |
r-devel-linux-x86_64-fedora-clang | 0.7.6 | 734.51 | OK | |||
r-devel-linux-x86_64-fedora-gcc | 0.7.6 | 697.12 | OK | |||
r-devel-windows-x86_64 | 0.7.6 | 136.00 | 298.00 | 434.00 | OK | |
r-patched-linux-x86_64 | 0.7.6 | 154.27 | 392.08 | 546.35 | OK | |
r-release-linux-x86_64 | 0.7.6 | 144.85 | 391.11 | 535.96 | OK | |
r-release-macos-arm64 | 0.7.6 | 130.00 | NOTE | |||
r-release-macos-x86_64 | 0.7.6 | 203.00 | NOTE | |||
r-release-windows-x86_64 | 0.7.6 | 137.00 | 303.00 | 440.00 | OK | |
r-oldrel-macos-arm64 | 0.7.6 | 159.00 | NOTE | |||
r-oldrel-macos-x86_64 | 0.7.6 | 227.00 | NOTE | |||
r-oldrel-windows-x86_64 | 0.7.6 | 170.00 | 393.00 | 563.00 | OK |
Version: 0.7.6
Check: installed package size
Result: NOTE
installed size is 6.1Mb
sub-directories of 1Mb or more:
R 2.0Mb
libs 2.9Mb
Flavors: r-release-macos-arm64, r-release-macos-x86_64, r-oldrel-macos-arm64, r-oldrel-macos-x86_64