Last updated on 2025-02-04 02:50:21 CET.
Flavor | Version | Tinstall | Tcheck | Ttotal | Status | Flags |
---|---|---|---|---|---|---|
r-devel-linux-x86_64-debian-clang | 2.1-4 | 19.44 | 133.96 | 153.40 | NOTE | |
r-devel-linux-x86_64-debian-gcc | 2.2-0 | 12.71 | 142.74 | 155.45 | OK | |
r-devel-linux-x86_64-fedora-clang | 2.2-0 | 364.06 | OK | |||
r-devel-linux-x86_64-fedora-gcc | 2.2-0 | 348.25 | OK | |||
r-devel-windows-x86_64 | 2.2-0 | 24.00 | 220.00 | 244.00 | OK | |
r-patched-linux-x86_64 | 2.1-4 | 18.67 | 124.35 | 143.02 | OK | |
r-release-linux-x86_64 | 2.1-4 | 16.48 | 125.79 | 142.27 | OK | |
r-release-macos-arm64 | 2.2-0 | 101.00 | NOTE | |||
r-release-macos-x86_64 | 2.2-0 | 287.00 | NOTE | |||
r-release-windows-x86_64 | 2.2-0 | 28.00 | 213.00 | 241.00 | NOTE | |
r-oldrel-macos-arm64 | 2.1-4 | 114.00 | OK | |||
r-oldrel-macos-x86_64 | 2.1-4 | 290.00 | OK | |||
r-oldrel-windows-x86_64 | 2.2-0 | 31.00 | 210.00 | 241.00 | NOTE |
Version: 2.1-4
Check: Rd cross-references
Result: NOTE
Found the following Rd file(s) with Rd \link{} targets missing package
anchors:
bubble.Rd: xyplot
image.Rd: levelplot
mapasp.Rd: levelplot
spplot.Rd: xyplot, levelplot
stack.Rd: levelplot
Please provide package anchors for all Rd \link{} targets not in the
package itself and the base packages.
Flavor: r-devel-linux-x86_64-debian-clang
Version: 2.1-4
Check: for unstated dependencies in ‘demo’
Result: NOTE
'library' or 'require' calls not declared from:
‘RgoogleMaps’ ‘cshapes’ ‘ggmap’ ‘maps’
Flavor: r-devel-linux-x86_64-debian-clang
Version: 2.1-4
Check: tests
Result: NOTE
Running ‘agg.R’ [1s/1s]
Comparing ‘agg.Rout’ to ‘agg.Rout.save’ ... OK
Running ‘base.R’ [1s/2s]
Comparing ‘base.Rout’ to ‘base.Rout.save’ ... OK
Running ‘fail1.R’ [2s/2s]
Comparing ‘fail1.Rout’ to ‘fail1.Rout.save’ ... OK
Running ‘grid.R’ [1s/2s]
Comparing ‘grid.Rout’ to ‘grid.Rout.save’ ...30,35c30,35
< Min. :0.0000 Min. :0.0000 Min. :0.0000 1 :1665 1 : 779
< 1st Qu.:0.0000 1st Qu.:0.0000 1st Qu.:0.1193 2 :1084 2 :1335
< Median :0.0000 Median :1.0000 Median :0.2715 3 : 354 3 : 989
< Mean :0.3986 Mean :0.6014 Mean :0.2971 NA's:5009 NA's:5009
< 3rd Qu.:1.0000 3rd Qu.:1.0000 3rd Qu.:0.4402
< Max. :1.0000 Max. :1.0000 Max. :0.9926
---
> Min. :0.000 Min. :0.000 Min. :0.000 1 :1665 1 : 779
> 1st Qu.:0.000 1st Qu.:0.000 1st Qu.:0.119 2 :1084 2 :1335
> Median :0.000 Median :1.000 Median :0.272 3 : 354 3 : 989
> Mean :0.399 Mean :0.601 Mean :0.297 NA's:5009 NA's:5009
> 3rd Qu.:1.000 3rd Qu.:1.000 3rd Qu.:0.440
> Max. :1.000 Max. :1.000 Max. :0.993
Running ‘over2.R’ [1s/1s]
Comparing ‘over2.Rout’ to ‘over2.Rout.save’ ... OK
Running ‘pass1.R’ [2s/3s]
Comparing ‘pass1.Rout’ to ‘pass1.Rout.save’ ... OK
Running ‘point.in.polygon.R’ [1s/1s]
Comparing ‘point.in.polygon.Rout’ to ‘point.in.polygon.Rout.save’ ... OK
Running ‘sel.R’ [1s/2s]
Comparing ‘sel.Rout’ to ‘sel.Rout.save’ ... OK
Running ‘sp1.R’ [1s/1s]
Comparing ‘sp1.Rout’ to ‘sp1.Rout.save’ ... OK
Running ‘spDists.R’ [1s/2s]
Comparing ‘spDists.Rout’ to ‘spDists.Rout.save’ ... OK
Running ‘spplot.R’ [1s/1s]
Comparing ‘spplot.Rout’ to ‘spplot.Rout.save’ ... OK
Running ‘zerodist.R’ [1s/1s]
Comparing ‘zerodist.Rout’ to ‘zerodist.Rout.save’ ... OK
Flavor: r-devel-linux-x86_64-debian-clang
Version: 2.2-0
Check: installed package size
Result: NOTE
installed size is 9.2Mb
sub-directories of 1Mb or more:
doc 7.6Mb
Flavors: r-release-macos-arm64, r-release-macos-x86_64, r-release-windows-x86_64, r-oldrel-windows-x86_64