Last updated on 2024-07-01 04:48:46 CEST.
Flavor | Version | Tinstall | Tcheck | Ttotal | Status | Flags |
---|---|---|---|---|---|---|
r-devel-linux-x86_64-debian-clang | 0.1.0 | 8.24 | 82.33 | 90.57 | NOTE | |
r-devel-linux-x86_64-debian-gcc | 0.1.0 | 6.67 | 59.51 | 66.18 | NOTE | |
r-devel-linux-x86_64-fedora-clang | 0.1.0 | 109.81 | NOTE | |||
r-devel-linux-x86_64-fedora-gcc | 0.1.0 | 108.48 | NOTE | |||
r-devel-windows-x86_64 | 0.1.0 | 8.00 | 74.00 | 82.00 | NOTE | |
r-patched-linux-x86_64 | 0.1.0 | 7.60 | 77.08 | 84.68 | NOTE | |
r-release-linux-x86_64 | 0.1.0 | 8.20 | 78.02 | 86.22 | NOTE | |
r-release-macos-arm64 | 0.1.0 | 34.00 | NOTE | |||
r-release-macos-x86_64 | 0.1.0 | 49.00 | NOTE | |||
r-release-windows-x86_64 | 0.1.0 | 9.00 | 75.00 | 84.00 | NOTE | |
r-oldrel-macos-arm64 | 0.1.0 | 37.00 | NOTE | |||
r-oldrel-macos-x86_64 | 0.1.0 | 59.00 | NOTE | |||
r-oldrel-windows-x86_64 | 0.1.0 | 11.00 | 90.00 | 101.00 | NOTE |
Version: 0.1.0
Check: package subdirectories
Result: NOTE
Problems with news in ‘NEWS.md’:
No news entries found.
Flavors: r-devel-linux-x86_64-debian-clang, r-devel-linux-x86_64-debian-gcc, r-devel-linux-x86_64-fedora-clang, r-devel-linux-x86_64-fedora-gcc, r-devel-windows-x86_64, r-patched-linux-x86_64, r-release-linux-x86_64, r-release-macos-arm64, r-release-macos-x86_64, r-release-windows-x86_64, r-oldrel-macos-arm64, r-oldrel-macos-x86_64, r-oldrel-windows-x86_64