Last updated on 2024-07-01 04:48:46 CEST.
Flavor | Version | Tinstall | Tcheck | Ttotal | Status | Flags |
---|---|---|---|---|---|---|
r-devel-linux-x86_64-debian-clang | 0.3.3 | 112.36 | 129.64 | 242.00 | NOTE | |
r-devel-linux-x86_64-debian-gcc | 0.3.3 | 84.56 | 95.08 | 179.64 | NOTE | |
r-devel-linux-x86_64-fedora-clang | 0.3.3 | 351.80 | NOTE | |||
r-devel-linux-x86_64-fedora-gcc | 0.3.3 | 338.53 | NOTE | |||
r-devel-windows-x86_64 | 0.3.3 | 98.00 | 125.00 | 223.00 | NOTE | |
r-patched-linux-x86_64 | 0.3.3 | 103.31 | 121.49 | 224.80 | NOTE | |
r-release-linux-x86_64 | 0.3.3 | 98.24 | 122.28 | 220.52 | NOTE | |
r-release-macos-arm64 | 0.3.3 | 77.00 | NOTE | |||
r-release-macos-x86_64 | 0.3.3 | 98.00 | NOTE | |||
r-release-windows-x86_64 | 0.3.3 | 96.00 | 126.00 | 222.00 | NOTE | |
r-oldrel-macos-arm64 | 0.3.3 | 99.00 | NOTE | |||
r-oldrel-macos-x86_64 | 0.3.3 | 149.00 | NOTE | |||
r-oldrel-windows-x86_64 | 0.3.3 | 113.00 | 160.00 | 273.00 | NOTE |
Version: 0.3.3
Check: C++ specification
Result: NOTE
Specified C++11: please drop specification unless essential
Flavors: r-devel-linux-x86_64-debian-clang, r-devel-linux-x86_64-debian-gcc, r-devel-linux-x86_64-fedora-clang, r-devel-linux-x86_64-fedora-gcc, r-devel-windows-x86_64, r-patched-linux-x86_64, r-release-linux-x86_64, r-release-macos-arm64, r-release-macos-x86_64, r-release-windows-x86_64, r-oldrel-macos-arm64, r-oldrel-macos-x86_64, r-oldrel-windows-x86_64
Version: 0.3.3
Check: installed package size
Result: NOTE
installed size is 7.3Mb
sub-directories of 1Mb or more:
libs 7.0Mb
Flavors: r-release-macos-arm64, r-release-macos-x86_64, r-oldrel-macos-arm64, r-oldrel-macos-x86_64