Last updated on 2025-02-04 02:50:21 CET.
Flavor | Version | Tinstall | Tcheck | Ttotal | Status | Flags |
---|---|---|---|---|---|---|
r-devel-linux-x86_64-debian-clang | 4.0.0 | 1.40 | 21.58 | 22.98 | OK | |
r-devel-linux-x86_64-debian-gcc | 4.0.0 | 1.27 | 17.58 | 18.85 | OK | |
r-devel-linux-x86_64-fedora-clang | 4.0.0 | 39.16 | OK | |||
r-devel-linux-x86_64-fedora-gcc | 4.0.0 | 49.92 | OK | |||
r-devel-windows-x86_64 | 4.0.0 | 2.00 | 46.00 | 48.00 | OK | |
r-patched-linux-x86_64 | 4.0.0 | 1.40 | 20.67 | 22.07 | NOTE | |
r-release-linux-x86_64 | 4.0.0 | 1.55 | 20.50 | 22.05 | NOTE | |
r-release-macos-arm64 | 4.0.0 | 22.00 | NOTE | |||
r-release-macos-x86_64 | 4.0.0 | 33.00 | NOTE | |||
r-release-windows-x86_64 | 4.0.0 | 2.00 | 44.00 | 46.00 | NOTE | |
r-oldrel-macos-arm64 | 4.0.0 | 23.00 | NOTE | |||
r-oldrel-macos-x86_64 | 4.0.0 | 32.00 | NOTE | |||
r-oldrel-windows-x86_64 | 4.0.0 | 4.00 | 45.00 | 49.00 | NOTE |
Version: 4.0.0
Check: LazyData
Result: NOTE
'LazyData' is specified without a 'data' directory
Flavors: r-patched-linux-x86_64, r-release-linux-x86_64, r-release-macos-arm64, r-release-macos-x86_64, r-release-windows-x86_64, r-oldrel-macos-arm64, r-oldrel-macos-x86_64, r-oldrel-windows-x86_64