Last updated on 2024-07-01 04:48:46 CEST.
Flavor | Version | Tinstall | Tcheck | Ttotal | Status | Flags |
---|---|---|---|---|---|---|
r-devel-linux-x86_64-debian-clang | 1.3 | 7.23 | 43.28 | 50.51 | OK | |
r-devel-linux-x86_64-debian-gcc | 1.3 | 4.65 | 32.07 | 36.72 | OK | |
r-devel-linux-x86_64-fedora-clang | 1.3 | 65.88 | NOTE | |||
r-devel-linux-x86_64-fedora-gcc | 1.3 | 58.88 | NOTE | |||
r-devel-windows-x86_64 | 1.3 | 7.00 | 61.00 | 68.00 | OK | |
r-patched-linux-x86_64 | 1.3 | 6.07 | 40.67 | 46.74 | OK | |
r-release-linux-x86_64 | 1.3 | 5.13 | 41.62 | 46.75 | OK | |
r-release-macos-arm64 | 1.3 | 21.00 | OK | |||
r-release-macos-x86_64 | 1.3 | 32.00 | OK | |||
r-release-windows-x86_64 | 1.3 | 7.00 | 60.00 | 67.00 | OK | |
r-oldrel-macos-arm64 | 1.3 | 22.00 | OK | |||
r-oldrel-macos-x86_64 | 1.3 | 32.00 | OK | |||
r-oldrel-windows-x86_64 | 1.3 | 9.00 | 68.00 | 77.00 | OK |
Version: 1.3
Check: compiled code
Result: NOTE
File ‘simplexreg/libs/simplexreg.so’:
Found no calls to: ‘R_registerRoutines’, ‘R_useDynamicSymbols’
It is good practice to register native routines and to disable symbol
search.
See ‘Writing portable packages’ in the ‘Writing R Extensions’ manual.
Flavors: r-devel-linux-x86_64-fedora-clang, r-devel-linux-x86_64-fedora-gcc