Last updated on 2024-07-01 04:48:46 CEST.
Flavor | Version | Tinstall | Tcheck | Ttotal | Status | Flags |
---|---|---|---|---|---|---|
r-devel-linux-x86_64-debian-clang | 1.0.0 | 7.18 | 64.41 | 71.59 | NOTE | |
r-devel-linux-x86_64-debian-gcc | 1.0.0 | 6.00 | 49.14 | 55.14 | NOTE | |
r-devel-linux-x86_64-fedora-clang | 1.0.0 | 90.36 | NOTE | |||
r-devel-linux-x86_64-fedora-gcc | 1.0.0 | 86.16 | NOTE | |||
r-devel-windows-x86_64 | 1.0.0 | 7.00 | 65.00 | 72.00 | NOTE | |
r-patched-linux-x86_64 | 1.0.0 | 6.91 | 62.30 | 69.21 | NOTE | |
r-release-linux-x86_64 | 1.0.0 | 8.09 | 61.30 | 69.39 | NOTE | |
r-release-macos-arm64 | 1.0.0 | 29.00 | NOTE | |||
r-release-macos-x86_64 | 1.0.0 | 48.00 | NOTE | |||
r-release-windows-x86_64 | 1.0.0 | 7.00 | 63.00 | 70.00 | NOTE | |
r-oldrel-macos-arm64 | 1.0.0 | 33.00 | NOTE | |||
r-oldrel-macos-x86_64 | 1.0.0 | 48.00 | NOTE | |||
r-oldrel-windows-x86_64 | 1.0.0 | 10.00 | 75.00 | 85.00 | NOTE |
Version: 1.0.0
Check: LazyData
Result: NOTE
'LazyData' is specified without a 'data' directory
Flavors: r-devel-linux-x86_64-debian-clang, r-devel-linux-x86_64-debian-gcc, r-devel-linux-x86_64-fedora-clang, r-devel-linux-x86_64-fedora-gcc, r-devel-windows-x86_64, r-patched-linux-x86_64, r-release-linux-x86_64, r-release-macos-arm64, r-release-macos-x86_64, r-release-windows-x86_64, r-oldrel-macos-arm64, r-oldrel-macos-x86_64, r-oldrel-windows-x86_64