Last updated on 2024-07-01 04:48:45 CEST.
Flavor | Version | Tinstall | Tcheck | Ttotal | Status | Flags |
---|---|---|---|---|---|---|
r-devel-linux-x86_64-debian-clang | 0.2.12 | 132.11 | 31.73 | 163.84 | OK | |
r-devel-linux-x86_64-debian-gcc | 0.2.12 | 93.36 | 24.62 | 117.98 | OK | |
r-devel-linux-x86_64-fedora-clang | 0.2.12 | 275.74 | OK | |||
r-devel-linux-x86_64-fedora-gcc | 0.2.12 | 260.56 | OK | |||
r-devel-windows-x86_64 | 0.2.12 | 107.00 | 72.00 | 179.00 | OK | |
r-patched-linux-x86_64 | 0.2.12 | 117.14 | 30.30 | 147.44 | OK | |
r-release-linux-x86_64 | 0.2.12 | 115.16 | 31.15 | 146.31 | OK | |
r-release-macos-arm64 | 0.2.12 | 56.00 | NOTE | |||
r-release-macos-x86_64 | 0.2.12 | 66.00 | NOTE | |||
r-release-windows-x86_64 | 0.2.12 | 106.00 | 71.00 | 177.00 | OK | |
r-oldrel-macos-arm64 | 0.2.12 | 57.00 | NOTE | |||
r-oldrel-macos-x86_64 | 0.2.12 | 76.00 | NOTE | |||
r-oldrel-windows-x86_64 | 0.2.12 | 112.00 | 83.00 | 195.00 | OK |
Version: 0.2.12
Check: installed package size
Result: NOTE
installed size is 8.9Mb
sub-directories of 1Mb or more:
libs 8.5Mb
Flavors: r-release-macos-arm64, r-release-macos-x86_64, r-oldrel-macos-arm64, r-oldrel-macos-x86_64