Last updated on 2024-06-30 04:55:37 CEST.
Flavor | Version | Tinstall | Tcheck | Ttotal | Status | Flags |
---|---|---|---|---|---|---|
r-devel-linux-x86_64-debian-clang | 0.3.2 | 234.42 | 413.96 | 648.38 | OK | |
r-devel-linux-x86_64-debian-gcc | 0.3.2 | 171.69 | 363.97 | 535.66 | OK | |
r-devel-linux-x86_64-fedora-clang | 0.3.2 | 830.32 | OK | |||
r-devel-linux-x86_64-fedora-gcc | 0.3.2 | 985.52 | OK | |||
r-devel-windows-x86_64 | 0.3.2 | 183.00 | 347.00 | 530.00 | NOTE | |
r-patched-linux-x86_64 | 0.3.2 | 224.80 | 473.37 | 698.17 | OK | |
r-release-linux-x86_64 | 0.3.2 | 226.17 | 473.89 | 700.06 | OK | |
r-release-macos-arm64 | 0.3.2 | 204.00 | NOTE | |||
r-release-macos-x86_64 | 0.3.2 | 285.00 | NOTE | |||
r-release-windows-x86_64 | 0.3.2 | 186.00 | 345.00 | 531.00 | NOTE | |
r-oldrel-macos-arm64 | 0.3.2 | 324.00 | NOTE | |||
r-oldrel-macos-x86_64 | 0.3.2 | 607.00 | NOTE | |||
r-oldrel-windows-x86_64 | 0.3.2 | 168.00 | 365.00 | 533.00 | NOTE |
Version: 0.3.2
Check: installed package size
Result: NOTE
installed size is 5.7Mb
sub-directories of 1Mb or more:
data 3.8Mb
libs 1.4Mb
Flavors: r-devel-windows-x86_64, r-release-macos-arm64, r-release-macos-x86_64, r-release-windows-x86_64, r-oldrel-macos-arm64, r-oldrel-macos-x86_64, r-oldrel-windows-x86_64