Last updated on 2024-07-02 05:58:22 CEST.
Flavor | Version | Tinstall | Tcheck | Ttotal | Status | Flags |
---|---|---|---|---|---|---|
r-devel-linux-x86_64-debian-clang | 0.4-0 | 5.20 | 48.44 | 53.64 | NOTE | |
r-devel-linux-x86_64-debian-gcc | 0.4-0 | 4.25 | 35.89 | 40.14 | NOTE | |
r-devel-linux-x86_64-fedora-clang | 0.4-0 | 68.92 | NOTE | |||
r-devel-linux-x86_64-fedora-gcc | 0.4-0 | 62.56 | NOTE | |||
r-devel-windows-x86_64 | 0.4-0 | 6.00 | 58.00 | 64.00 | NOTE | |
r-patched-linux-x86_64 | 0.4-0 | 6.45 | 45.62 | 52.07 | NOTE | |
r-release-linux-x86_64 | 0.4-0 | 5.73 | 45.74 | 51.47 | NOTE | |
r-release-macos-arm64 | 0.4-0 | 25.00 | NOTE | |||
r-release-macos-x86_64 | 0.4-0 | 35.00 | NOTE | |||
r-release-windows-x86_64 | 0.4-0 | 6.00 | 58.00 | 64.00 | NOTE | |
r-oldrel-macos-arm64 | 0.4-0 | 23.00 | NOTE | |||
r-oldrel-macos-x86_64 | 0.4-0 | 33.00 | NOTE | |||
r-oldrel-windows-x86_64 | 0.4-0 | 5.00 | 65.00 | 70.00 | NOTE |
Version: 0.4-0
Check: Rd files
Result: NOTE
checkRd: (-1) NlistServersInCategory.Rd:11: Escaped LaTeX specials: \_
Flavors: r-devel-linux-x86_64-debian-clang, r-devel-linux-x86_64-debian-gcc, r-devel-linux-x86_64-fedora-clang, r-devel-linux-x86_64-fedora-gcc, r-devel-windows-x86_64, r-patched-linux-x86_64, r-release-linux-x86_64, r-release-macos-arm64, r-release-macos-x86_64, r-release-windows-x86_64, r-oldrel-macos-arm64, r-oldrel-macos-x86_64, r-oldrel-windows-x86_64