Last updated on 2025-02-04 02:50:19 CET.
Flavor | Version | Tinstall | Tcheck | Ttotal | Status | Flags |
---|---|---|---|---|---|---|
r-devel-linux-x86_64-debian-clang | 0.2.2 | 14.05 | 21.31 | 35.36 | NOTE | |
r-devel-linux-x86_64-debian-gcc | 0.2.2 | 8.24 | 17.30 | 25.54 | NOTE | |
r-devel-linux-x86_64-fedora-clang | 0.2.2 | 59.00 | NOTE | |||
r-devel-linux-x86_64-fedora-gcc | 0.2.2 | 56.08 | NOTE | |||
r-devel-windows-x86_64 | 0.2.2 | 13.00 | 63.00 | 76.00 | NOTE | |
r-patched-linux-x86_64 | 0.2.2 | 12.37 | 20.09 | 32.46 | NOTE | |
r-release-linux-x86_64 | 0.2.2 | 11.08 | 20.21 | 31.29 | NOTE | |
r-release-macos-arm64 | 0.2.2 | 20.00 | NOTE | |||
r-release-macos-x86_64 | 0.2.2 | 30.00 | NOTE | |||
r-release-windows-x86_64 | 0.2.2 | 14.00 | 62.00 | 76.00 | NOTE | |
r-oldrel-macos-arm64 | 0.2.2 | 31.00 | NOTE | |||
r-oldrel-macos-x86_64 | 0.2.2 | 33.00 | NOTE | |||
r-oldrel-windows-x86_64 | 0.2.2 | 13.00 | 66.00 | 79.00 | NOTE |
Version: 0.2.2
Check: C++ specification
Result: NOTE
Specified C++11: please drop specification unless essential
Flavors: r-devel-linux-x86_64-debian-clang, r-devel-linux-x86_64-debian-gcc, r-devel-linux-x86_64-fedora-clang, r-devel-linux-x86_64-fedora-gcc, r-devel-windows-x86_64, r-patched-linux-x86_64, r-release-linux-x86_64, r-release-macos-arm64, r-release-macos-x86_64, r-release-windows-x86_64, r-oldrel-macos-arm64, r-oldrel-macos-x86_64, r-oldrel-windows-x86_64