Last updated on 2024-07-01 04:48:44 CEST.
Flavor | Version | Tinstall | Tcheck | Ttotal | Status | Flags |
---|---|---|---|---|---|---|
r-devel-linux-x86_64-debian-clang | 1.7.0 | 165.40 | 38.24 | 203.64 | NOTE | |
r-devel-linux-x86_64-debian-gcc | 1.7.0 | 129.19 | 30.18 | 159.37 | NOTE | |
r-devel-linux-x86_64-fedora-clang | 1.7.0 | 318.83 | NOTE | |||
r-devel-linux-x86_64-fedora-gcc | 1.7.0 | 341.67 | NOTE | |||
r-devel-windows-x86_64 | 1.7.0 | 174.00 | 91.00 | 265.00 | NOTE | |
r-patched-linux-x86_64 | 1.7.0 | 155.10 | 37.18 | 192.28 | OK | |
r-release-linux-x86_64 | 1.7.0 | 151.53 | 37.08 | 188.61 | OK | |
r-release-macos-arm64 | 1.7.0 | 60.00 | NOTE | |||
r-release-macos-x86_64 | 1.7.0 | 55.00 | NOTE | |||
r-release-windows-x86_64 | 1.7.0 | 176.00 | 86.00 | 262.00 | OK | |
r-oldrel-macos-arm64 | 1.7.0 | 73.00 | NOTE | |||
r-oldrel-macos-x86_64 | 1.7.0 | 85.00 | NOTE | |||
r-oldrel-windows-x86_64 | 1.7.0 | 179.00 | 99.00 | 278.00 | OK |
Version: 1.7.0
Check: compiled code
Result: NOTE
File ‘rlas/libs/rlas.so’:
Found non-API call to R: ‘STDVEC_DATAPTR’
Compiled code should not call non-API entry points in R.
See ‘Writing portable packages’ in the ‘Writing R Extensions’ manual.
See section ‘Moving into C API compliance’ in the ‘Writing R
Extensions’ manual for issues with use of non-API entry points.
Flavors: r-devel-linux-x86_64-debian-clang, r-devel-linux-x86_64-debian-gcc, r-devel-linux-x86_64-fedora-gcc
Version: 1.7.0
Check: compiled code
Result: NOTE
File ‘rlas/libs/rlas.so’:
Found non-API call to R: ‘STDVEC_DATAPTR’
Compiled code should not call non-API entry points in R.
See ‘Writing portable packages’ in the ‘Writing R Extensions’ manual,
and section ‘Moving into C API compliance’ for issues with the use of
non-API entry points.
Flavor: r-devel-linux-x86_64-fedora-clang
Version: 1.7.0
Check: compiled code
Result: NOTE
File 'rlas/libs/x64/rlas.dll':
Found non-API call to R: 'STDVEC_DATAPTR'
Compiled code should not call non-API entry points in R.
See 'Writing portable packages' in the 'Writing R Extensions' manual.
See section 'Moving into C API compliance' in the 'Writing R
Extensions' manual for issues with use of non-API entry points.
Flavor: r-devel-windows-x86_64
Version: 1.7.0
Check: installed package size
Result: NOTE
installed size is 9.8Mb
sub-directories of 1Mb or more:
libs 9.3Mb
Flavors: r-release-macos-arm64, r-release-macos-x86_64, r-oldrel-macos-arm64, r-oldrel-macos-x86_64