Last updated on 2024-07-01 04:48:44 CEST.
Flavor | Version | Tinstall | Tcheck | Ttotal | Status | Flags |
---|---|---|---|---|---|---|
r-devel-linux-x86_64-debian-clang | 0.0.15 | 16.70 | 87.16 | 103.86 | OK | --no-tests |
r-devel-linux-x86_64-debian-gcc | 0.0.15 | 10.55 | 63.53 | 74.08 | OK | --no-tests |
r-devel-linux-x86_64-fedora-clang | 0.0.15 | 138.91 | OK | |||
r-devel-linux-x86_64-fedora-gcc | 0.0.15 | 130.38 | OK | |||
r-devel-windows-x86_64 | 0.0.15 | 13.00 | 66.00 | 79.00 | OK | --no-examples --no-tests --no-vignettes |
r-patched-linux-x86_64 | 0.0.15 | 11.86 | 82.31 | 94.17 | OK | --no-tests |
r-release-linux-x86_64 | 0.0.15 | 13.04 | 81.45 | 94.49 | OK | --no-tests |
r-release-macos-arm64 | 0.0.15 | 47.00 | OK | |||
r-release-macos-x86_64 | 0.0.15 | 75.00 | OK | |||
r-release-windows-x86_64 | 0.0.15 | 1.00 | 9.00 | 10.00 | ERROR | --no-examples --no-tests --no-vignettes |
r-oldrel-macos-arm64 | 0.0.15 | 45.00 | OK | |||
r-oldrel-macos-x86_64 | 0.0.15 | 81.00 | OK | |||
r-oldrel-windows-x86_64 | 0.0.15 | 15.00 | 60.00 | 75.00 | OK | --no-examples --no-tests --no-vignettes |
Version: 0.0.15
Flags: --no-examples --no-tests --no-vignettes
Check: whether package can be installed
Result: ERROR
Installation failed.
Flavor: r-release-windows-x86_64