Last updated on 2024-07-01 04:48:44 CEST.
Flavor | Version | Tinstall | Tcheck | Ttotal | Status | Flags |
---|---|---|---|---|---|---|
r-devel-linux-x86_64-debian-clang | 0.5 | 2.91 | 62.10 | 65.01 | OK | |
r-devel-linux-x86_64-debian-gcc | 0.5 | 2.99 | 46.78 | 49.77 | OK | |
r-devel-linux-x86_64-fedora-clang | 0.5 | 87.23 | OK | |||
r-devel-linux-x86_64-fedora-gcc | 0.5 | 84.39 | OK | |||
r-devel-windows-x86_64 | 0.5 | 4.00 | 60.00 | 64.00 | OK | |
r-patched-linux-x86_64 | 0.5 | 3.57 | 58.51 | 62.08 | OK | |
r-release-linux-x86_64 | 0.5 | 3.17 | 60.15 | 63.32 | OK | |
r-release-macos-arm64 | 0.5 | 5.00 | ERROR | |||
r-release-macos-x86_64 | 0.5 | 8.00 | ERROR | |||
r-release-windows-x86_64 | 0.5 | 4.00 | 61.00 | 65.00 | OK | |
r-oldrel-macos-arm64 | 0.5 | 10.00 | ERROR | |||
r-oldrel-macos-x86_64 | 0.5 | 11.00 | ERROR | |||
r-oldrel-windows-x86_64 | 0.5 | 4.00 | 69.00 | 73.00 | OK |
Version: 0.5
Check: package dependencies
Result: ERROR
Package required but not available: ‘Rmpi’
See section ‘The DESCRIPTION file’ in the ‘Writing R Extensions’
manual.
Flavors: r-release-macos-arm64, r-release-macos-x86_64, r-oldrel-macos-arm64, r-oldrel-macos-x86_64