Last updated on 2025-02-10 02:50:02 CET.
Flavor | Version | Tinstall | Tcheck | Ttotal | Status | Flags |
---|---|---|---|---|---|---|
r-devel-linux-x86_64-debian-clang | 1.1.0 | 21.67 | 401.06 | 422.73 | NOTE | |
r-devel-linux-x86_64-debian-gcc | 1.1.0 | 17.90 | 269.09 | 286.99 | NOTE | |
r-devel-linux-x86_64-fedora-clang | 1.1.0 | 717.08 | NOTE | |||
r-devel-linux-x86_64-fedora-gcc | 1.1.0 | 648.45 | NOTE | |||
r-devel-windows-x86_64 | 1.1.0 | 27.00 | 394.00 | 421.00 | OK | |
r-patched-linux-x86_64 | 1.1.0 | 30.52 | 372.64 | 403.16 | NOTE | |
r-release-linux-x86_64 | 1.1.0 | 23.23 | 371.52 | 394.75 | NOTE | |
r-release-macos-arm64 | 1.1.0 | 190.00 | OK | |||
r-release-macos-x86_64 | 1.1.0 | 525.00 | OK | |||
r-release-windows-x86_64 | 1.1.0 | 29.00 | 391.00 | 420.00 | OK | |
r-oldrel-macos-arm64 | 1.1.0 | 179.00 | OK | |||
r-oldrel-macos-x86_64 | 1.1.0 | 375.00 | OK | |||
r-oldrel-windows-x86_64 | 1.1.0 | 34.00 | 524.00 | 558.00 | OK |
Version: 1.1.0
Check: Rd cross-references
Result: NOTE
Unknown package ‘dimRed’ in Rd xrefs
Flavors: r-devel-linux-x86_64-debian-clang, r-devel-linux-x86_64-debian-gcc, r-devel-linux-x86_64-fedora-gcc, r-patched-linux-x86_64, r-release-linux-x86_64
Version: 1.1.0
Check: Rd cross-references
Result: NOTE
Undeclared packages ‘fastICA’, ‘dimRed’ in Rd xrefs
Unknown package ‘dimRed’ in Rd xrefs
Flavor: r-devel-linux-x86_64-fedora-clang