Last updated on 2024-07-01 04:48:43 CEST.
Flavor | Version | Tinstall | Tcheck | Ttotal | Status | Flags |
---|---|---|---|---|---|---|
r-devel-linux-x86_64-debian-clang | 1.2-8 | 5.30 | 65.91 | 71.21 | OK | |
r-devel-linux-x86_64-debian-gcc | 1.2-8 | 5.16 | 48.11 | 53.27 | OK | |
r-devel-linux-x86_64-fedora-clang | 1.2-8 | 90.98 | NOTE | |||
r-devel-linux-x86_64-fedora-gcc | 1.2-8 | 84.63 | OK | |||
r-devel-windows-x86_64 | 1.2-8 | 18.00 | 73.00 | 91.00 | OK | |
r-patched-linux-x86_64 | 1.2-8 | 6.68 | 63.03 | 69.71 | OK | |
r-release-linux-x86_64 | 1.2-8 | 5.71 | 62.98 | 68.69 | OK | |
r-release-macos-arm64 | 1.2-8 | 31.00 | OK | |||
r-release-macos-x86_64 | 1.2-8 | 45.00 | OK | |||
r-release-windows-x86_64 | 1.2-8 | 19.00 | 72.00 | 91.00 | OK | |
r-oldrel-macos-arm64 | 1.2-8 | 29.00 | OK | |||
r-oldrel-macos-x86_64 | 1.2-8 | 69.00 | OK | |||
r-oldrel-windows-x86_64 | 1.2-8 | 23.00 | 86.00 | 109.00 | OK |
Version: 1.2-8
Check: Rd cross-references
Result: NOTE
Undeclared package ‘Rglpk’ in Rd xrefs
Flavor: r-devel-linux-x86_64-fedora-clang