Last updated on 2024-07-01 04:48:43 CEST.
Flavor | Version | Tinstall | Tcheck | Ttotal | Status | Flags |
---|---|---|---|---|---|---|
r-devel-linux-x86_64-debian-clang | 1.0.0 | 2.66 | 46.14 | 48.80 | OK | |
r-devel-linux-x86_64-debian-gcc | 1.0.0 | 1.94 | 33.81 | 35.75 | OK | |
r-devel-linux-x86_64-fedora-clang | 1.0.0 | 62.73 | NOTE | |||
r-devel-linux-x86_64-fedora-gcc | 1.0.0 | 57.31 | OK | |||
r-devel-windows-x86_64 | 1.0.0 | 3.00 | 53.00 | 56.00 | OK | |
r-patched-linux-x86_64 | 1.0.0 | 3.10 | 43.36 | 46.46 | OK | |
r-release-linux-x86_64 | 1.0.0 | 1.73 | 44.76 | 46.49 | OK | |
r-release-macos-arm64 | 1.0.0 | 24.00 | OK | |||
r-release-macos-x86_64 | 1.0.0 | 49.00 | OK | |||
r-release-windows-x86_64 | 1.0.0 | 3.00 | 55.00 | 58.00 | OK | |
r-oldrel-macos-arm64 | 1.0.0 | 31.00 | OK | |||
r-oldrel-macos-x86_64 | 1.0.0 | 60.00 | OK | |||
r-oldrel-windows-x86_64 | 1.0.0 | 4.00 | 61.00 | 65.00 | OK |
Version: 1.0.0
Check: Rd cross-references
Result: NOTE
Undeclared package ‘quantreg’ in Rd xrefs
Flavor: r-devel-linux-x86_64-fedora-clang