Last updated on 2025-02-10 02:50:01 CET.
Flavor | Version | Tinstall | Tcheck | Ttotal | Status | Flags |
---|---|---|---|---|---|---|
r-devel-linux-x86_64-debian-clang | 1.2 | 53.97 | 81.83 | 135.80 | NOTE | |
r-devel-linux-x86_64-debian-gcc | 1.2 | 38.20 | 56.94 | 95.14 | NOTE | |
r-devel-linux-x86_64-fedora-clang | 1.2 | 241.15 | NOTE | |||
r-devel-linux-x86_64-fedora-gcc | 1.2 | 238.28 | NOTE | |||
r-devel-windows-x86_64 | 1.2 | 58.00 | 105.00 | 163.00 | NOTE | |
r-patched-linux-x86_64 | 1.2 | 56.43 | 75.31 | 131.74 | NOTE | |
r-release-linux-x86_64 | 1.2 | 55.15 | 75.42 | 130.57 | NOTE | |
r-release-macos-arm64 | 1.2 | 60.00 | NOTE | |||
r-release-macos-x86_64 | 1.2 | 78.00 | NOTE | |||
r-release-windows-x86_64 | 1.2 | 56.00 | 107.00 | 163.00 | NOTE | |
r-oldrel-macos-arm64 | 1.2 | 73.00 | OK | |||
r-oldrel-macos-x86_64 | 1.2 | 113.00 | OK | |||
r-oldrel-windows-x86_64 | 1.2 | 66.00 | 129.00 | 195.00 | OK |
Version: 1.2
Check: Rd files
Result: NOTE
checkRd: (-1) prototest.univariate.Rd:21: Lost braces
21 | response variable. Vector of length emph{n}, assumed to be quantitative.
| ^
Flavors: r-devel-linux-x86_64-debian-clang, r-devel-linux-x86_64-debian-gcc, r-devel-linux-x86_64-fedora-clang, r-devel-linux-x86_64-fedora-gcc, r-devel-windows-x86_64, r-patched-linux-x86_64, r-release-linux-x86_64, r-release-macos-arm64, r-release-macos-x86_64, r-release-windows-x86_64
Version: 1.2
Check: compiled code
Result: NOTE
File ‘prototest/libs/prototest.so’:
Found no calls to: ‘R_registerRoutines’, ‘R_useDynamicSymbols’
It is good practice to register native routines and to disable symbol
search.
See ‘Writing portable packages’ in the ‘Writing R Extensions’ manual.
Flavors: r-devel-linux-x86_64-fedora-clang, r-devel-linux-x86_64-fedora-gcc