Last updated on 2025-02-04 02:50:18 CET.
Flavor | Version | Tinstall | Tcheck | Ttotal | Status | Flags |
---|---|---|---|---|---|---|
r-devel-linux-x86_64-debian-clang | 0.1.0 | 8.37 | 59.05 | 67.42 | OK | |
r-devel-linux-x86_64-debian-gcc | 0.1.0 | 5.32 | 41.48 | 46.80 | OK | |
r-devel-linux-x86_64-fedora-clang | 0.1.0 | 109.97 | OK | |||
r-devel-linux-x86_64-fedora-gcc | 0.1.0 | 110.12 | OK | |||
r-devel-windows-x86_64 | 0.1.0 | 9.00 | 69.00 | 78.00 | OK | |
r-patched-linux-x86_64 | 0.1.0 | 7.94 | 53.82 | 61.76 | NOTE | |
r-release-linux-x86_64 | 0.1.0 | 6.55 | 53.28 | 59.83 | NOTE | |
r-release-macos-arm64 | 0.1.0 | 38.00 | NOTE | |||
r-release-macos-x86_64 | 0.1.0 | 54.00 | NOTE | |||
r-release-windows-x86_64 | 0.1.0 | 9.00 | 67.00 | 76.00 | NOTE | |
r-oldrel-macos-arm64 | 0.1.0 | 38.00 | NOTE | |||
r-oldrel-macos-x86_64 | 0.1.0 | 65.00 | NOTE | |||
r-oldrel-windows-x86_64 | 0.1.0 | 11.00 | 81.00 | 92.00 | NOTE |
Version: 0.1.0
Check: LazyData
Result: NOTE
'LazyData' is specified without a 'data' directory
Flavors: r-patched-linux-x86_64, r-release-linux-x86_64, r-release-macos-arm64, r-release-macos-x86_64, r-release-windows-x86_64, r-oldrel-macos-arm64, r-oldrel-macos-x86_64, r-oldrel-windows-x86_64