CRAN Package Check Results for Package plumberDeploy

Last updated on 2025-02-04 02:50:17 CET.

Flavor Version Tinstall Tcheck Ttotal Status Flags
r-devel-linux-x86_64-debian-clang 0.2.1 1.92 17.73 19.65 OK
r-devel-linux-x86_64-debian-gcc 0.2.1 1.46 14.54 16.00 OK
r-devel-linux-x86_64-fedora-clang 0.2.1 32.46 NOTE
r-devel-linux-x86_64-fedora-gcc 0.2.1 30.21 NOTE
r-devel-windows-x86_64 0.2.1 3.00 40.00 43.00 OK
r-patched-linux-x86_64 0.2.1 1.95 17.07 19.02 NOTE
r-release-linux-x86_64 0.2.1 1.91 17.14 19.05 NOTE
r-release-macos-arm64 0.2.1 15.00 NOTE
r-release-macos-x86_64 0.2.1 21.00 NOTE
r-release-windows-x86_64 0.2.1 3.00 51.00 54.00 NOTE
r-oldrel-macos-arm64 0.2.1 16.00 NOTE
r-oldrel-macos-x86_64 0.2.1 19.00 NOTE
r-oldrel-windows-x86_64 0.2.1 4.00 48.00 52.00 NOTE

Check Details

Version: 0.2.1
Check: dependencies in R code
Result: NOTE Namespace in Imports field not imported from: ‘ssh’ All declared Imports should be used. Flavors: r-devel-linux-x86_64-fedora-clang, r-devel-linux-x86_64-fedora-gcc

Version: 0.2.1
Check: LazyData
Result: NOTE 'LazyData' is specified without a 'data' directory Flavors: r-patched-linux-x86_64, r-release-linux-x86_64, r-release-macos-arm64, r-release-macos-x86_64, r-release-windows-x86_64, r-oldrel-macos-arm64, r-oldrel-macos-x86_64, r-oldrel-windows-x86_64