Last updated on 2025-02-04 02:50:17 CET.
Flavor | Version | Tinstall | Tcheck | Ttotal | Status | Flags |
---|---|---|---|---|---|---|
r-devel-linux-x86_64-debian-clang | 1.0.3 | 37.22 | 303.17 | 340.39 | NOTE | |
r-devel-linux-x86_64-debian-gcc | 1.0.3 | 22.41 | 202.04 | 224.45 | NOTE | |
r-devel-linux-x86_64-fedora-clang | 1.0.3 | 572.12 | OK | |||
r-devel-linux-x86_64-fedora-gcc | 1.0.3 | 506.97 | OK | |||
r-devel-windows-x86_64 | 1.0.3 | 31.00 | 236.00 | 267.00 | NOTE | --no-vignettes |
r-patched-linux-x86_64 | 1.0.3 | 40.05 | 275.48 | 315.53 | OK | |
r-release-linux-x86_64 | 1.0.3 | 33.63 | 277.25 | 310.88 | OK | |
r-release-macos-arm64 | 1.0.3 | 124.00 | OK | |||
r-release-macos-x86_64 | 1.0.3 | 211.00 | OK | |||
r-release-windows-x86_64 | 1.0.3 | 31.00 | 210.00 | 241.00 | OK | --no-vignettes |
r-oldrel-macos-arm64 | 1.0.3 | 127.00 | OK | |||
r-oldrel-macos-x86_64 | 1.0.3 | 265.00 | OK | |||
r-oldrel-windows-x86_64 | 1.0.3 | 40.00 | 249.00 | 289.00 | OK | --no-vignettes |
Version: 1.0.3
Check: Rd cross-references
Result: NOTE
Found the following Rd file(s) with Rd \link{} targets missing package
anchors:
add_griddap.Rd: griddap
add_tabledap.Rd: tabledap
Please provide package anchors for all Rd \link{} targets not in the
package itself and the base packages.
Flavors: r-devel-linux-x86_64-debian-clang, r-devel-linux-x86_64-debian-gcc
Version: 1.0.3
Flags: --no-vignettes
Check: Rd cross-references
Result: NOTE
Found the following Rd file(s) with Rd \link{} targets missing package
anchors:
add_griddap.Rd: griddap
add_tabledap.Rd: tabledap
Please provide package anchors for all Rd \link{} targets not in the
package itself and the base packages.
Flavor: r-devel-windows-x86_64