Last updated on 2024-07-01 04:48:41 CEST.
Flavor | Version | Tinstall | Tcheck | Ttotal | Status | Flags |
---|---|---|---|---|---|---|
r-devel-linux-x86_64-debian-clang | 0.1.5 | 4.02 | 46.07 | 50.09 | NOTE | |
r-devel-linux-x86_64-debian-gcc | 0.1.5 | 3.45 | 34.77 | 38.22 | NOTE | |
r-devel-linux-x86_64-fedora-clang | 0.1.5 | 62.79 | NOTE | |||
r-devel-linux-x86_64-fedora-gcc | 0.1.5 | 59.78 | NOTE | |||
r-devel-windows-x86_64 | 0.1.5 | 6.00 | 55.00 | 61.00 | NOTE | |
r-patched-linux-x86_64 | 0.1.5 | 4.85 | 43.25 | 48.10 | NOTE | |
r-release-linux-x86_64 | 0.1.5 | 4.31 | 43.77 | 48.08 | NOTE | |
r-release-macos-arm64 | 0.1.5 | 24.00 | NOTE | |||
r-release-macos-x86_64 | 0.1.5 | 34.00 | NOTE | |||
r-release-windows-x86_64 | 0.1.5 | 6.00 | 53.00 | 59.00 | NOTE | |
r-oldrel-macos-arm64 | 0.1.5 | 25.00 | NOTE | |||
r-oldrel-macos-x86_64 | 0.1.5 | 33.00 | NOTE | |||
r-oldrel-windows-x86_64 | 0.1.5 | 7.00 | 59.00 | 66.00 | NOTE |
Version: 0.1.5
Check: LazyData
Result: NOTE
'LazyData' is specified without a 'data' directory
Flavors: r-devel-linux-x86_64-debian-clang, r-devel-linux-x86_64-debian-gcc, r-devel-linux-x86_64-fedora-clang, r-devel-linux-x86_64-fedora-gcc, r-devel-windows-x86_64, r-patched-linux-x86_64, r-release-linux-x86_64, r-release-macos-arm64, r-release-macos-x86_64, r-release-windows-x86_64, r-oldrel-macos-arm64, r-oldrel-macos-x86_64, r-oldrel-windows-x86_64