Last updated on 2024-06-17 01:48:37 CEST.
Flavor | Version | Tinstall | Tcheck | Ttotal | Status | Flags |
---|---|---|---|---|---|---|
r-devel-linux-x86_64-debian-clang | 1.1.3 | 58.77 | 64.32 | 123.09 | OK | |
r-devel-linux-x86_64-debian-gcc | 1.1.3 | 40.39 | 48.85 | 89.24 | OK | |
r-devel-linux-x86_64-fedora-clang | 1.1.3 | 155.72 | NOTE | |||
r-devel-linux-x86_64-fedora-gcc | 1.1.3 | 176.35 | NOTE | |||
r-devel-windows-x86_64 | 1.1.3 | 42.00 | 86.00 | 128.00 | OK | |
r-patched-linux-x86_64 | 1.1.3 | 51.61 | 65.19 | 116.80 | OK | |
r-release-linux-x86_64 | 1.1.3 | 52.22 | 64.50 | 116.72 | OK | |
r-release-macos-arm64 | 1.1.3 | 48.00 | NOTE | |||
r-release-macos-x86_64 | 1.1.3 | 75.00 | NOTE | |||
r-release-windows-x86_64 | 1.1.3 | 43.00 | 87.00 | 130.00 | OK | |
r-oldrel-macos-arm64 | 1.1.3 | 51.00 | NOTE | |||
r-oldrel-macos-x86_64 | 1.1.3 | 81.00 | NOTE | |||
r-oldrel-windows-x86_64 | 1.1.3 | 54.00 | 101.00 | 155.00 | OK |
Version: 1.1.3
Check: dependencies in R code
Result: NOTE
Namespace in Imports field not imported from: ‘utils’
All declared Imports should be used.
Flavors: r-devel-linux-x86_64-fedora-clang, r-devel-linux-x86_64-fedora-gcc
Version: 1.1.3
Check: installed package size
Result: NOTE
installed size is 16.1Mb
sub-directories of 1Mb or more:
libs 15.8Mb
Flavors: r-release-macos-arm64, r-release-macos-x86_64, r-oldrel-macos-arm64, r-oldrel-macos-x86_64