Last updated on 2024-07-01 04:48:41 CEST.
Flavor | Version | Tinstall | Tcheck | Ttotal | Status | Flags |
---|---|---|---|---|---|---|
r-devel-linux-x86_64-debian-clang | 0.1.0 | 455.37 | 198.82 | 654.19 | NOTE | |
r-devel-linux-x86_64-debian-gcc | 0.1.0 | 406.66 | 175.24 | 581.90 | NOTE | |
r-devel-linux-x86_64-fedora-clang | 0.1.0 | 873.77 | NOTE | |||
r-devel-linux-x86_64-fedora-gcc | 0.1.0 | 1203.11 | NOTE | |||
r-devel-windows-x86_64 | 0.1.0 | 283.00 | 203.00 | 486.00 | NOTE | |
r-patched-linux-x86_64 | 0.1.0 | 320.80 | 223.43 | 544.23 | NOTE | |
r-release-linux-x86_64 | 0.1.0 | 0.03 | 2.55 | 2.58 | ERROR | |
r-release-macos-arm64 | 0.1.0 | 214.00 | NOTE | |||
r-release-macos-x86_64 | 0.1.0 | 276.00 | NOTE | |||
r-release-windows-x86_64 | 0.1.0 | 350.00 | 213.00 | 563.00 | NOTE | |
r-oldrel-macos-arm64 | 0.1.0 | 214.00 | NOTE | |||
r-oldrel-macos-x86_64 | 0.1.0 | 296.00 | NOTE | |||
r-oldrel-windows-x86_64 | 0.1.0 | 480.00 | 227.00 | 707.00 | NOTE |
Version: 0.1.0
Check: for GNU extensions in Makefiles
Result: NOTE
GNU make is a SystemRequirements.
Flavors: r-devel-linux-x86_64-debian-clang, r-devel-linux-x86_64-debian-gcc, r-devel-linux-x86_64-fedora-clang, r-devel-linux-x86_64-fedora-gcc, r-devel-windows-x86_64, r-patched-linux-x86_64, r-release-macos-arm64, r-release-macos-x86_64, r-release-windows-x86_64, r-oldrel-macos-arm64, r-oldrel-macos-x86_64, r-oldrel-windows-x86_64
Version: 0.1.0
Check: whether package can be installed
Result: ERROR
Installation failed.
Flavor: r-release-linux-x86_64
Version: 0.1.0
Check: installed package size
Result: NOTE
installed size is 84.8Mb
sub-directories of 1Mb or more:
libs 84.4Mb
Flavors: r-release-macos-arm64, r-release-macos-x86_64, r-oldrel-macos-arm64, r-oldrel-macos-x86_64