Last updated on 2024-07-01 04:48:41 CEST.
Flavor | Version | Tinstall | Tcheck | Ttotal | Status | Flags |
---|---|---|---|---|---|---|
r-devel-linux-x86_64-debian-clang | 2.6.2 | 11.66 | 74.79 | 86.45 | NOTE | |
r-devel-linux-x86_64-debian-gcc | 2.6.2 | 8.38 | 53.36 | 61.74 | NOTE | |
r-devel-linux-x86_64-fedora-clang | 2.6.2 | 101.68 | NOTE | |||
r-devel-linux-x86_64-fedora-gcc | 2.6.2 | 96.07 | NOTE | |||
r-devel-windows-x86_64 | 2.6.2 | 12.00 | 78.00 | 90.00 | NOTE | |
r-patched-linux-x86_64 | 2.6.2 | 8.63 | 69.24 | 77.87 | NOTE | |
r-release-linux-x86_64 | 2.6.2 | 9.25 | 69.63 | 78.88 | NOTE | |
r-release-macos-arm64 | 2.6.2 | 33.00 | NOTE | |||
r-release-macos-x86_64 | 2.6.2 | 80.00 | NOTE | |||
r-release-windows-x86_64 | 2.6.2 | 12.00 | 78.00 | 90.00 | NOTE | |
r-oldrel-macos-arm64 | 2.6.2 | 35.00 | NOTE | |||
r-oldrel-macos-x86_64 | 2.6.2 | 54.00 | NOTE | |||
r-oldrel-windows-x86_64 | 2.6.2 | 14.00 | 85.00 | 99.00 | NOTE |
Version: 2.6.2
Check: C++ specification
Result: NOTE
Specified C++11: please drop specification unless essential
Flavors: r-devel-linux-x86_64-debian-clang, r-devel-linux-x86_64-debian-gcc, r-devel-linux-x86_64-fedora-clang, r-devel-linux-x86_64-fedora-gcc, r-devel-windows-x86_64, r-patched-linux-x86_64, r-release-linux-x86_64, r-release-macos-arm64, r-release-macos-x86_64, r-release-windows-x86_64, r-oldrel-macos-arm64, r-oldrel-macos-x86_64, r-oldrel-windows-x86_64
Version: 2.6.2
Check: Rd cross-references
Result: NOTE
Undeclared packages ‘future’, ‘geiger’, ‘caper’ in Rd xrefs
Flavor: r-devel-linux-x86_64-fedora-clang