Last updated on 2024-07-01 04:48:41 CEST.
Flavor | Version | Tinstall | Tcheck | Ttotal | Status | Flags |
---|---|---|---|---|---|---|
r-devel-linux-x86_64-debian-clang | 1.0.9 | 10.47 | 70.67 | 81.14 | OK | |
r-devel-linux-x86_64-debian-gcc | 1.0.9 | 8.85 | 52.36 | 61.21 | OK | |
r-devel-linux-x86_64-fedora-clang | 1.0.9 | 103.62 | OK | |||
r-devel-linux-x86_64-fedora-gcc | 1.0.9 | 96.86 | OK | |||
r-devel-windows-x86_64 | 1.0.9 | 10.00 | 68.00 | 78.00 | OK | |
r-patched-linux-x86_64 | 1.0.9 | 11.69 | 68.79 | 80.48 | OK | |
r-release-linux-x86_64 | 1.0.9 | 11.50 | 68.71 | 80.21 | OK | |
r-release-macos-arm64 | 1.0.9 | 28.00 | OK | |||
r-release-macos-x86_64 | 1.0.9 | 46.00 | OK | |||
r-release-windows-x86_64 | 1.0.9 | 11.00 | 68.00 | 79.00 | OK | |
r-oldrel-macos-arm64 | 1.0.9 | 31.00 | OK | |||
r-oldrel-macos-x86_64 | 1.0.9 | 48.00 | NOTE | |||
r-oldrel-windows-x86_64 | 1.0.9 | 13.00 | 81.00 | 94.00 | OK |
Version: 1.0.9
Check: package dependencies
Result: NOTE
Package suggested but not available for checking: ‘BiocParallel’
Flavor: r-oldrel-macos-x86_64