Last updated on 2024-07-01 04:48:41 CEST.
Flavor | Version | Tinstall | Tcheck | Ttotal | Status | Flags |
---|---|---|---|---|---|---|
r-devel-linux-x86_64-debian-clang | 0.2-3 | 7.65 | 78.19 | 85.84 | NOTE | |
r-devel-linux-x86_64-debian-gcc | 0.2-3 | 6.35 | 58.27 | 64.62 | NOTE | |
r-devel-linux-x86_64-fedora-clang | 0.2-3 | 105.84 | NOTE | |||
r-devel-linux-x86_64-fedora-gcc | 0.2-3 | 102.41 | NOTE | |||
r-devel-windows-x86_64 | 0.2-3 | 10.00 | 73.00 | 83.00 | NOTE | |
r-patched-linux-x86_64 | 0.2-3 | 7.67 | 76.08 | 83.75 | NOTE | |
r-release-linux-x86_64 | 0.2-3 | 8.07 | 75.75 | 83.82 | NOTE | |
r-release-macos-arm64 | 0.2-3 | 34.00 | NOTE | |||
r-release-macos-x86_64 | 0.2-3 | 56.00 | NOTE | |||
r-release-windows-x86_64 | 0.2-3 | 10.00 | 74.00 | 84.00 | NOTE | |
r-oldrel-macos-arm64 | 0.2-3 | 34.00 | NOTE | |||
r-oldrel-macos-x86_64 | 0.2-3 | 58.00 | NOTE | |||
r-oldrel-windows-x86_64 | 0.2-3 | 13.00 | 86.00 | 99.00 | NOTE |
Version: 0.2-3
Check: Rd files
Result: NOTE
checkRd: (-1) PatentsRD.Rd:4: Escaped LaTeX specials: \&
checkRd: (-1) PatentsRD.Rd:30: Escaped LaTeX specials: \&
checkRd: (-1) PatentsRDUS.Rd:4: Escaped LaTeX specials: \&
Flavors: r-devel-linux-x86_64-debian-clang, r-devel-linux-x86_64-debian-gcc, r-devel-linux-x86_64-fedora-clang, r-devel-linux-x86_64-fedora-gcc, r-devel-windows-x86_64, r-patched-linux-x86_64, r-release-linux-x86_64, r-release-macos-arm64, r-release-macos-x86_64, r-release-windows-x86_64, r-oldrel-macos-arm64, r-oldrel-macos-x86_64, r-oldrel-windows-x86_64