Last updated on 2024-07-01 04:48:41 CEST.
Flavor | Version | Tinstall | Tcheck | Ttotal | Status | Flags |
---|---|---|---|---|---|---|
r-devel-linux-x86_64-debian-clang | 2.0.3 | 6.95 | 74.96 | 81.91 | OK | |
r-devel-linux-x86_64-debian-gcc | 2.0.3 | 4.64 | 55.83 | 60.47 | OK | |
r-devel-linux-x86_64-fedora-clang | 2.0.3 | 99.46 | NOTE | |||
r-devel-linux-x86_64-fedora-gcc | 2.0.3 | 96.43 | OK | |||
r-devel-windows-x86_64 | 2.0.3 | 8.00 | 79.00 | 87.00 | OK | |
r-patched-linux-x86_64 | 2.0.3 | 7.08 | 71.75 | 78.83 | OK | |
r-release-linux-x86_64 | 2.0.3 | 8.22 | 71.52 | 79.74 | OK | |
r-release-macos-arm64 | 2.0.3 | 31.00 | OK | |||
r-release-macos-x86_64 | 2.0.3 | 45.00 | OK | |||
r-release-windows-x86_64 | 2.0.3 | 8.00 | 79.00 | 87.00 | OK | |
r-oldrel-macos-arm64 | 2.0.3 | 41.00 | OK | |||
r-oldrel-macos-x86_64 | 2.0.3 | 85.00 | OK | |||
r-oldrel-windows-x86_64 | 2.0.3 | 11.00 | 89.00 | 100.00 | OK |
Version: 2.0.3
Check: Rd cross-references
Result: NOTE
Undeclared packages ‘classInt’, ‘agricolae’, ‘plotrix’, ‘AICcmodavg’ in Rd xrefs
Flavor: r-devel-linux-x86_64-fedora-clang