Last updated on 2024-07-01 04:48:41 CEST.
Flavor | Version | Tinstall | Tcheck | Ttotal | Status | Flags |
---|---|---|---|---|---|---|
r-devel-linux-x86_64-debian-clang | 0.6.0 | 101.37 | 265.14 | 366.51 | OK | |
r-devel-linux-x86_64-debian-gcc | 0.6.0 | 77.95 | 193.19 | 271.14 | OK | |
r-devel-linux-x86_64-fedora-clang | 0.6.0 | 466.88 | OK | |||
r-devel-linux-x86_64-fedora-gcc | 0.6.0 | 429.21 | OK | |||
r-devel-windows-x86_64 | 0.6.0 | 83.00 | 336.00 | 419.00 | OK | |
r-patched-linux-x86_64 | 0.6.0 | 113.54 | 257.92 | 371.46 | OK | |
r-release-linux-x86_64 | 0.6.0 | 105.72 | 258.20 | 363.92 | OK | |
r-release-macos-arm64 | 0.6.0 | 113.00 | NOTE | |||
r-release-macos-x86_64 | 0.6.0 | 172.00 | OK | |||
r-release-windows-x86_64 | 0.6.0 | 89.00 | 336.00 | 425.00 | OK | |
r-oldrel-macos-arm64 | 0.6.0 | 115.00 | OK | |||
r-oldrel-macos-x86_64 | 0.6.0 | 222.00 | OK | |||
r-oldrel-windows-x86_64 | 0.6.0 | 113.00 | 378.00 | 491.00 | OK |
Version: 0.6.0
Check: installed package size
Result: NOTE
installed size is 5.2Mb
sub-directories of 1Mb or more:
R 2.0Mb
help 3.1Mb
Flavor: r-release-macos-arm64