Last updated on 2024-06-30 04:55:33 CEST.
Flavor | Version | Tinstall | Tcheck | Ttotal | Status | Flags |
---|---|---|---|---|---|---|
r-devel-linux-x86_64-debian-clang | 0.6.0 | 151.02 | 321.61 | 472.63 | OK | |
r-devel-linux-x86_64-debian-gcc | 0.6.0 | 126.80 | 227.86 | 354.66 | OK | |
r-devel-linux-x86_64-fedora-clang | 0.6.0 | 602.20 | NOTE | |||
r-devel-linux-x86_64-fedora-gcc | 0.6.0 | 555.09 | OK | |||
r-devel-windows-x86_64 | 0.6.0 | 127.00 | 382.00 | 509.00 | NOTE | |
r-patched-linux-x86_64 | 0.6.0 | 153.78 | 306.28 | 460.06 | OK | |
r-release-linux-x86_64 | 0.6.0 | 139.39 | 300.67 | 440.06 | OK | |
r-release-macos-arm64 | 0.6.0 | 138.00 | NOTE | |||
r-release-macos-x86_64 | 0.6.0 | 214.00 | NOTE | |||
r-release-windows-x86_64 | 0.6.0 | 125.00 | 380.00 | 505.00 | NOTE | |
r-oldrel-macos-arm64 | 0.6.0 | 132.00 | NOTE | |||
r-oldrel-macos-x86_64 | 0.6.0 | 278.00 | NOTE | |||
r-oldrel-windows-x86_64 | 0.6.0 | 160.00 | 436.00 | 596.00 | NOTE |
Version: 0.6.0
Check: installed package size
Result: NOTE
installed size is 5.4Mb
sub-directories of 1Mb or more:
R 2.6Mb
help 2.7Mb
Flavors: r-devel-linux-x86_64-fedora-clang, r-devel-windows-x86_64, r-release-macos-arm64, r-release-macos-x86_64, r-release-windows-x86_64, r-oldrel-macos-arm64, r-oldrel-macos-x86_64, r-oldrel-windows-x86_64