Last updated on 2024-06-30 04:55:33 CEST.
Flavor | Version | Tinstall | Tcheck | Ttotal | Status | Flags |
---|---|---|---|---|---|---|
r-devel-linux-x86_64-debian-clang | 0.6.8 | 311.70 | 129.60 | 441.30 | OK | |
r-devel-linux-x86_64-debian-gcc | 0.6.8 | 204.98 | 97.46 | 302.44 | OK | |
r-devel-linux-x86_64-fedora-clang | 0.6.8 | 610.49 | OK | |||
r-devel-linux-x86_64-fedora-gcc | 0.6.8 | 641.82 | OK | |||
r-devel-windows-x86_64 | 0.6.8 | 225.00 | 125.00 | 350.00 | OK | |
r-patched-linux-x86_64 | 0.6.8 | 256.15 | 126.09 | 382.24 | OK | |
r-release-linux-x86_64 | 0.6.8 | 255.08 | 124.75 | 379.83 | OK | |
r-release-macos-arm64 | 0.6.8 | 146.00 | NOTE | |||
r-release-macos-x86_64 | 0.6.8 | 130.00 | NOTE | |||
r-release-windows-x86_64 | 0.6.8 | 223.00 | 121.00 | 344.00 | OK | |
r-oldrel-macos-arm64 | 0.6.8 | 122.00 | NOTE | |||
r-oldrel-macos-x86_64 | 0.6.8 | 174.00 | NOTE | |||
r-oldrel-windows-x86_64 | 0.6.8 | 269.00 | 146.00 | 415.00 | OK |
Version: 0.6.8
Check: installed package size
Result: NOTE
installed size is 9.5Mb
sub-directories of 1Mb or more:
libs 9.2Mb
Flavors: r-release-macos-arm64, r-release-macos-x86_64, r-oldrel-macos-arm64, r-oldrel-macos-x86_64