Last updated on 2025-02-10 02:49:59 CET.
Flavor | Version | Tinstall | Tcheck | Ttotal | Status | Flags |
---|---|---|---|---|---|---|
r-devel-linux-x86_64-debian-clang | 2.18-2 | 40.05 | 199.91 | 239.96 | NOTE | |
r-devel-linux-x86_64-debian-gcc | 2.18-2 | 27.09 | 136.58 | 163.67 | NOTE | |
r-devel-linux-x86_64-fedora-clang | 2.18-2 | 412.54 | OK | |||
r-devel-linux-x86_64-fedora-gcc | 2.18-2 | 366.35 | OK | |||
r-devel-windows-x86_64 | 2.18-2 | 42.00 | 230.00 | 272.00 | NOTE | |
r-patched-linux-x86_64 | 2.18-2 | 42.25 | 187.20 | 229.45 | OK | |
r-release-linux-x86_64 | 2.18-2 | 35.76 | 185.43 | 221.19 | OK | |
r-release-macos-arm64 | 2.18-2 | 94.00 | OK | |||
r-release-macos-x86_64 | 2.18-2 | 163.00 | OK | |||
r-release-windows-x86_64 | 2.18-2 | 45.00 | 225.00 | 270.00 | OK | |
r-oldrel-macos-arm64 | 2.18-2 | 96.00 | OK | |||
r-oldrel-macos-x86_64 | 2.18-2 | 193.00 | OK | |||
r-oldrel-windows-x86_64 | 2.18-2 | 54.00 | 289.00 | 343.00 | OK |
Version: 2.18-2
Check: Rd cross-references
Result: NOTE
Found the following Rd file(s) with Rd \link{} targets missing package
anchors:
drawOpenKey.Rd: draw.colorkey
smoothTrend.Rd: gam
Please provide package anchors for all Rd \link{} targets not in the
package itself and the base packages.
Flavors: r-devel-linux-x86_64-debian-clang, r-devel-linux-x86_64-debian-gcc, r-devel-windows-x86_64