Last updated on 2025-02-04 02:50:16 CET.
Flavor | Version | Tinstall | Tcheck | Ttotal | Status | Flags |
---|---|---|---|---|---|---|
r-devel-linux-x86_64-debian-clang | 1.1.0 | 24.91 | 84.37 | 109.28 | NOTE | |
r-devel-linux-x86_64-debian-gcc | 1.1.0 | 17.81 | 60.45 | 78.26 | NOTE | |
r-devel-linux-x86_64-fedora-clang | 1.1.0 | 181.42 | OK | |||
r-devel-linux-x86_64-fedora-gcc | 1.1.0 | 174.29 | OK | |||
r-devel-windows-x86_64 | 1.1.0 | 28.00 | 117.00 | 145.00 | NOTE | |
r-patched-linux-x86_64 | 1.1.0 | 27.55 | 76.99 | 104.54 | OK | |
r-release-linux-x86_64 | 1.1.0 | 25.86 | 77.84 | 103.70 | OK | |
r-release-macos-arm64 | 1.1.0 | 48.00 | OK | |||
r-release-macos-x86_64 | 1.1.0 | 71.00 | OK | |||
r-release-windows-x86_64 | 1.1.0 | 29.00 | 112.00 | 141.00 | OK | |
r-oldrel-macos-arm64 | 1.1.0 | 59.00 | OK | |||
r-oldrel-macos-x86_64 | 1.1.0 | 118.00 | OK | |||
r-oldrel-windows-x86_64 | 1.1.0 | 33.00 | 135.00 | 168.00 | OK |
Version: 1.1.0
Check: Rd cross-references
Result: NOTE
Found the following Rd file(s) with Rd \link{} targets missing package
anchors:
generate.data.Rd: rmvnorm, rmvt
nlmm.Rd: varFunc, varFixed, varClasses, summary.varFunc,
varWeights.varFunc, coef.varFunc
nlmmControl.Rd: lme, lmeControl
Please provide package anchors for all Rd \link{} targets not in the
package itself and the base packages.
Flavors: r-devel-linux-x86_64-debian-clang, r-devel-linux-x86_64-debian-gcc, r-devel-windows-x86_64