Last updated on 2024-06-30 04:55:32 CEST.
Flavor | Version | Tinstall | Tcheck | Ttotal | Status | Flags |
---|---|---|---|---|---|---|
r-devel-linux-x86_64-debian-clang | 0.9.0 | 29.52 | 31.00 | 60.52 | OK | |
r-devel-linux-x86_64-debian-gcc | 0.9.0 | 21.98 | 23.44 | 45.42 | OK | |
r-devel-linux-x86_64-fedora-clang | 0.9.0 | 83.71 | OK | |||
r-devel-linux-x86_64-fedora-gcc | 0.9.0 | 84.62 | OK | |||
r-devel-windows-x86_64 | 0.9.0 | 25.00 | 65.00 | 90.00 | NOTE | |
r-patched-linux-x86_64 | 0.9.0 | 23.60 | 28.89 | 52.49 | OK | |
r-release-linux-x86_64 | 0.9.0 | 24.03 | 29.29 | 53.32 | OK | |
r-release-macos-arm64 | 0.9.0 | 25.00 | OK | |||
r-release-macos-x86_64 | 0.9.0 | 37.00 | OK | |||
r-release-windows-x86_64 | 0.9.0 | 25.00 | 66.00 | 91.00 | NOTE | |
r-oldrel-macos-arm64 | 0.9.0 | 28.00 | OK | |||
r-oldrel-macos-x86_64 | 0.9.0 | 42.00 | OK | |||
r-oldrel-windows-x86_64 | 0.9.0 | 31.00 | 76.00 | 107.00 | NOTE |
Version: 0.9.0
Check: C++ specification
Result: NOTE
Specified C++14: please drop specification unless essential
Flavors: r-devel-windows-x86_64, r-release-windows-x86_64, r-oldrel-windows-x86_64