Last updated on 2025-02-04 02:50:15 CET.
Flavor | Version | Tinstall | Tcheck | Ttotal | Status | Flags |
---|---|---|---|---|---|---|
r-devel-linux-x86_64-debian-clang | 3.0.0 | 56.58 | 32.88 | 89.46 | OK | |
r-devel-linux-x86_64-debian-gcc | 3.0.0 | 42.08 | 25.25 | 67.33 | OK | |
r-devel-linux-x86_64-fedora-clang | 3.0.1 | 163.27 | OK | |||
r-devel-linux-x86_64-fedora-gcc | 3.0.1 | 170.06 | OK | |||
r-devel-windows-x86_64 | 3.0.0 | 293.00 | 65.00 | 358.00 | OK | |
r-patched-linux-x86_64 | 3.0.0 | 58.90 | 32.03 | 90.93 | OK | |
r-release-linux-x86_64 | 3.0.0 | 56.64 | 24.92 | 81.56 | ERROR | |
r-release-macos-arm64 | 3.0.1 | 58.00 | NOTE | |||
r-release-macos-x86_64 | 3.0.1 | 102.00 | NOTE | |||
r-release-windows-x86_64 | 3.0.0 | 236.00 | 91.00 | 327.00 | OK | |
r-oldrel-macos-arm64 | 2.8.2 | 55.00 | OK | |||
r-oldrel-macos-x86_64 | 2.8.2 | 85.00 | OK | |||
r-oldrel-windows-x86_64 | 3.0.0 | 321.00 | 79.00 | 400.00 | OK |
Version: 3.0.0
Check: examples
Result: ERROR
Running examples in ‘mongolite-Ex.R’ failed
The error most likely occurred in:
> base::assign(".ptime", proc.time(), pos = "CheckExEnv")
> ### Name: read_bson
> ### Title: Standalone BSON reader
> ### Aliases: read_bson
>
> ### ** Examples
>
> diamonds <- read_bson("https://jeroen.github.io/data/diamonds.bson")
Error in curl::curl_download(file_url, file, quiet = !isTRUE(verbose)) :
HTTP response code said error [jeroen.github.io]: The requested URL returned error: 503
Calls: read_bson -> <Anonymous> -> raise_libcurl_error
Execution halted
Flavor: r-release-linux-x86_64
Version: 3.0.1
Check: installed package size
Result: NOTE
installed size is 5.1Mb
sub-directories of 1Mb or more:
libs 4.9Mb
Flavors: r-release-macos-arm64, r-release-macos-x86_64